{"id":18899,"date":"2021-12-08T16:52:20","date_gmt":"2021-12-08T15:52:20","guid":{"rendered":"https:\/\/krimispass.ch\/swiss\/?page_id=18899"},"modified":"2024-12-12T19:40:28","modified_gmt":"2024-12-12T18:40:28","slug":"centro-magliaso","status":"publish","type":"page","link":"https:\/\/krimispass.ch\/swiss\/centro-magliaso\/","title":{"rendered":"KrimiSpass im Centro Magliaso"},"content":{"rendered":"<p><img loading=\"lazy\" decoding=\"async\" src=\"https:\/\/krimispass.ch\/swiss\/wp-content\/uploads\/2024\/12\/banner_centro-magliaso.jpg\" alt=\"Banner - Centro Magliaso\" width=\"1200\" height=\"334\" class=\"aligncenter size-full wp-image-24589\" srcset=\"https:\/\/krimispass.ch\/swiss\/wp-content\/uploads\/2024\/12\/banner_centro-magliaso.jpg 1200w, https:\/\/krimispass.ch\/swiss\/wp-content\/uploads\/2024\/12\/banner_centro-magliaso-300x84.jpg 300w, https:\/\/krimispass.ch\/swiss\/wp-content\/uploads\/2024\/12\/banner_centro-magliaso-1024x285.jpg 1024w, https:\/\/krimispass.ch\/swiss\/wp-content\/uploads\/2024\/12\/banner_centro-magliaso-768x214.jpg 768w, https:\/\/krimispass.ch\/swiss\/wp-content\/uploads\/2024\/12\/banner_centro-magliaso-1000x278.jpg 1000w, https:\/\/krimispass.ch\/swiss\/wp-content\/uploads\/2024\/12\/banner_centro-magliaso-230x64.jpg 230w, https:\/\/krimispass.ch\/swiss\/wp-content\/uploads\/2024\/12\/banner_centro-magliaso-350x97.jpg 350w, https:\/\/krimispass.ch\/swiss\/wp-content\/uploads\/2024\/12\/banner_centro-magliaso-480x134.jpg 480w\" sizes=\"auto, (max-width: 1200px) 100vw, 1200px\" \/><\/p>\n<p>&nbsp;<br \/>\n<strong>Das Centro Magliaso &#8211; ein schmuckes Ferienzentrum am Ufer des Luganersees. Dieser idyllische Ort wurde Schauplatz eines spektakul\u00e4ren Kunstraubs, wie ihn die Schweiz noch nie gesehen hat. Werden Sie den Fall l\u00f6sen und das gestohlene Gem\u00e4lde wiederfinden? Nehmen Sie die Ermittlungen auf, denn bei diesem Krimi sind Sie der Kommissar!<\/strong><\/p>\n<p>&nbsp;<br \/>\n&nbsp;<br \/>\n<iframe loading=\"lazy\" width=\"800\" height=\"450\" src=\"https:\/\/www.youtube.com\/embed\/NvFrUE8laY4?rel=0\" frameborder=\"0\" allowfullscreen><\/iframe><\/p>\n<p>&nbsp;<\/p>\n<h5>Der Kunstraub<\/h5>\n<p>Die Tische sind gedeckt, der Champagner gek\u00fchlt \u2013 alles ist bereit f\u00fcr die grosse Vernissage im Centro Magliaso. Hinter einer robusten Panzerglasscheibe pr\u00e4sentiert sich dem Publikum das Highlight des Abends: Ein Gem\u00e4lde des renommierten Malers Albrecht Anken. Doch kurz vor der feierlichen Er\u00f6ffnung ist das Bild pl\u00f6tzlich verschwunden \u2013 wie vom Erdboden verschluckt!<\/p>\n<p>Wie konnte das geschehen und wer steckt hinter dem raffinierten Coup? Als Kommissar\/in der Tessiner Kantonspolizei \u00fcbernehmen Sie die Ermittlungen in diesem spektakul\u00e4ren Fall. Setzen Sie alles daran, den Kunstdieb zu \u00fcberf\u00fchren und das gestohlene Meisterwerk wiederzufinden!<\/p>\n<p>&nbsp;<\/p>\n<p id=\"anmeldung\">\n<h5>Kostenlos mitmachen<\/h5>\n<p>Starten Sie Ihr Krimi-Abenteuer! Sie erhalten umgehend eine E-Mail mit der Spielanleitung und allen wichtigen Informationen \u2013 kostenlos und unverbindlich. Beginnen Sie Ihre Ermittlungen, wann immer Sie m\u00f6chten!<\/p>\n<p><span style=\"color: #f36d6d;\">Dieser KrimiSpass-Rundgang ist exklusiv f\u00fcr G\u00e4ste des Centro Magliaso zug\u00e4nglich.<\/span><\/p>\n\n<div class=\"wpcf7 no-js\" id=\"wpcf7-f19474-o1\" lang=\"de-DE\" dir=\"ltr\" data-wpcf7-id=\"19474\">\n<div class=\"screen-reader-response\"><p role=\"status\" aria-live=\"polite\" aria-atomic=\"true\"><\/p> <ul><\/ul><\/div>\n<form action=\"\/swiss\/wp-json\/wp\/v2\/pages\/18899#wpcf7-f19474-o1\" method=\"post\" class=\"wpcf7-form init\" aria-label=\"Kontaktformular\" novalidate=\"novalidate\" data-status=\"init\">\n<fieldset class=\"hidden-fields-container\"><input type=\"hidden\" name=\"_wpcf7\" value=\"19474\" \/><input type=\"hidden\" name=\"_wpcf7_version\" value=\"6.1.5\" \/><input type=\"hidden\" name=\"_wpcf7_locale\" value=\"de_DE\" \/><input type=\"hidden\" name=\"_wpcf7_unit_tag\" value=\"wpcf7-f19474-o1\" \/><input type=\"hidden\" name=\"_wpcf7_container_post\" value=\"0\" \/><input type=\"hidden\" name=\"_wpcf7_posted_data_hash\" value=\"\" \/>\n<\/fieldset>\n<p>Name<br \/>\n<span class=\"wpcf7-form-control-wrap\" data-name=\"your-name\"><input size=\"40\" maxlength=\"400\" class=\"wpcf7-form-control wpcf7-text wpcf7-validates-as-required\" aria-required=\"true\" aria-invalid=\"false\" value=\"\" type=\"text\" name=\"your-name\" \/><\/span>\n<\/p>\n<p><span id=\"wpcf7-69e2f3f246615-wrapper\" class=\"wpcf7-form-control-wrap your-vorname-wrap\" style=\"display:none !important; visibility:hidden !important;\"><label for=\"wpcf7-69e2f3f246615-field\" class=\"hp-message\">Bitte lasse dieses Feld leer.<\/label><input id=\"wpcf7-69e2f3f246615-field\"  class=\"wpcf7-form-control wpcf7-text\" type=\"text\" name=\"your-vorname\" value=\"\" size=\"40\" tabindex=\"-1\" autocomplete=\"new-password\" \/><\/span>\n<\/p>\n<p>Wohnort<br \/>\n<span class=\"wpcf7-form-control-wrap\" data-name=\"wohnort\"><input size=\"40\" maxlength=\"400\" class=\"wpcf7-form-control wpcf7-text wpcf7-validates-as-required\" aria-required=\"true\" aria-invalid=\"false\" value=\"\" type=\"text\" name=\"wohnort\" \/><\/span>\n<\/p>\n<p>E-Mail<br \/>\n<span class=\"wpcf7-form-control-wrap\" data-name=\"your-email\"><input size=\"40\" maxlength=\"400\" class=\"wpcf7-form-control wpcf7-email wpcf7-validates-as-required wpcf7-text wpcf7-validates-as-email\" aria-required=\"true\" aria-invalid=\"false\" value=\"\" type=\"email\" name=\"your-email\" \/><\/span>\n<\/p>\n<p>&nbsp;<br \/>\n<!-- Mailchimp for WordPress v4.12.1 - https:\/\/www.mc4wp.com\/ --><input type=\"hidden\" name=\"_mc4wp_subscribe_contact-form-7\" value=\"0\" \/><span class=\"mc4wp-checkbox mc4wp-checkbox-contact-form-7 \"><label><input type=\"checkbox\" name=\"_mc4wp_subscribe_contact-form-7\" value=\"1\" ><span>&nbsp;&nbsp;KrimiSpass-Newsletter abonnieren<\/span><\/label><\/span><!-- \/ Mailchimp for WordPress --><br \/>\n<span class=\"wpcf7-form-control-wrap\" data-name=\"zustimmung\"><span class=\"wpcf7-form-control wpcf7-acceptance\"><span class=\"wpcf7-list-item\"><input type=\"checkbox\" name=\"zustimmung\" value=\"1\" aria-invalid=\"false\" \/><\/span><\/span><\/span>&nbsp;&nbsp;<a href=\"https:\/\/krimispass.ch\/swiss\/?page_id=8\">Datenschutzbestimmungen<\/a> akzeptieren\n<\/p>\n<p>&nbsp;<br \/>\n<input class=\"wpcf7-form-control wpcf7-submit has-spinner\" type=\"submit\" value=\"Los gehts\" \/>\n<\/p>\n<div style=\"display: none !important\">\n\t<p><span class=\"wpcf7-form-control-wrap\" data-name=\"centro-magliaso\"><input size=\"40\" maxlength=\"400\" class=\"wpcf7-form-control wpcf7-text required\" aria-invalid=\"false\" value=\"Ja\" type=\"text\" name=\"centro-magliaso\" \/><\/span>\n\t<\/p>\n<\/div>\n<div style=\"display: none !important\">\n\t<p><span class=\"wpcf7-form-control-wrap\" data-name=\"mc4wp-nlks\"><input size=\"40\" maxlength=\"400\" class=\"wpcf7-form-control wpcf7-text required\" aria-invalid=\"false\" value=\"Ja\" type=\"text\" name=\"mc4wp-nlks\" \/><\/span>\n\t<\/p>\n<\/div><div class=\"wpcf7-response-output\" aria-hidden=\"true\"><\/div>\n<\/form>\n<\/div>\n\n<p>&nbsp;<\/p>\n<h5>Das Centro Magliaso &#8211; kein gew\u00f6hnliches Hotel<\/h5>\n<p>Das Centro Magliaso ist ein Ferienzentrum innerhalb einer weitl\u00e4ufigen Parklandschaft am Ufer des Luganersees. Es bietet Ferienerlebnisse f\u00fcr Familien, Alleinreisende, Gruppen sowie f\u00fcr Personen mit Handicap.<\/p>\n<p>Die betriebsf\u00fchrende Genossenschaft hat sich zum Ziel gesetzt, allen Menschen Ferien zu erm\u00f6glichen &#8211; unabh\u00e4ngig von Alter, Geschlecht, Religion, Herkunft oder Status. Im Centro Magliaso sind alle willkommen.<\/p>\n<p>Mehr Informationen unter <a href=\"https:\/\/www.centro-magliaso.ch\/\" rel=\"noopener noreferrer\" target=\"_blank\">www.centro-magliaso.ch<\/a>.<\/p>\n<p>&nbsp;<br \/>\n<iframe src=\"https:\/\/www.google.com\/maps\/embed?pb=!1m18!1m12!1m3!1d2011.9769833539196!2d8.893207258491126!3d45.975855625809594!2m3!1f0!2f0!3f0!3m2!1i1024!2i768!4f13.1!3m3!1m2!1s0x47842cd85802823f%3A0xc6c5886c992564bd!2sHotel%20Centro%20Magliaso!5e1!3m2!1sde!2sch!4v1639080554917!5m2!1sde!2sch\" width=\"100%\" height=\"450\" style=\"border:0;\" allowfullscreen=\"\" loading=\"lazy\"><\/iframe><\/p>\n","protected":false},"excerpt":{"rendered":"<p>&nbsp; Das Centro Magliaso &#8211; ein schmuckes Ferienzentrum am Ufer des Luganersees. Dieser idyllische Ort wurde Schauplatz eines spektakul\u00e4ren Kunstraubs, wie ihn [&hellip;]<\/p>\n","protected":false},"author":1,"featured_media":0,"parent":0,"menu_order":42,"comment_status":"closed","ping_status":"closed","template":"","meta":{"content-type":"","footnotes":""},"class_list":["post-18899","page","type-page","status-publish","hentry"],"yoast_head":"<!-- This site is optimized with the Yoast SEO plugin v27.4 - https:\/\/yoast.com\/product\/yoast-seo-wordpress\/ -->\n<title>KrimiSpass im Centro Magliaso<\/title>\n<meta name=\"description\" content=\"Werde zum SHERLOCK HOLMES des Centro Magliaso. Bei diesem Krimi bist du der Kommissar!\" \/>\n<meta name=\"robots\" content=\"index, follow, max-snippet:-1, max-image-preview:large, max-video-preview:-1\" \/>\n<link rel=\"canonical\" href=\"https:\/\/krimispass.ch\/swiss\/centro-magliaso\/\" \/>\n<meta property=\"og:locale\" content=\"de_DE\" \/>\n<meta property=\"og:type\" content=\"article\" \/>\n<meta property=\"og:title\" content=\"KrimiSpass im Centro Magliaso\" \/>\n<meta property=\"og:description\" content=\"Bei diesem Krimi sind Sie der Kommissar!\" \/>\n<meta property=\"og:url\" content=\"https:\/\/krimispass.ch\/swiss\/centro-magliaso\/\" \/>\n<meta property=\"og:site_name\" content=\"KrimiSpass\" \/>\n<meta property=\"article:publisher\" content=\"https:\/\/www.facebook.com\/KrimiSpass.ch\" \/>\n<meta property=\"article:modified_time\" content=\"2024-12-12T18:40:28+00:00\" \/>\n<meta property=\"og:image\" content=\"https:\/\/krimispass.ch\/swiss\/wp-content\/uploads\/2017\/02\/titelbild_mit_logo.jpg\" \/>\n\t<meta property=\"og:image:width\" content=\"2356\" \/>\n\t<meta property=\"og:image:height\" content=\"1571\" \/>\n\t<meta property=\"og:image:type\" content=\"image\/jpeg\" \/>\n<meta name=\"twitter:card\" content=\"summary_large_image\" \/>\n<meta name=\"twitter:site\" content=\"@KrimiSpass\" \/>\n<meta name=\"twitter:label1\" content=\"Gesch\u00e4tzte Lesezeit\" \/>\n\t<meta name=\"twitter:data1\" content=\"2\u00a0Minuten\" \/>\n<script type=\"application\/ld+json\" class=\"yoast-schema-graph\">{\"@context\":\"https:\\\/\\\/schema.org\",\"@graph\":[{\"@type\":\"WebPage\",\"@id\":\"https:\\\/\\\/krimispass.ch\\\/swiss\\\/centro-magliaso\\\/\",\"url\":\"https:\\\/\\\/krimispass.ch\\\/swiss\\\/centro-magliaso\\\/\",\"name\":\"KrimiSpass im Centro Magliaso\",\"isPartOf\":{\"@id\":\"https:\\\/\\\/krimispass.ch\\\/swiss\\\/#website\"},\"primaryImageOfPage\":{\"@id\":\"https:\\\/\\\/krimispass.ch\\\/swiss\\\/centro-magliaso\\\/#primaryimage\"},\"image\":{\"@id\":\"https:\\\/\\\/krimispass.ch\\\/swiss\\\/centro-magliaso\\\/#primaryimage\"},\"thumbnailUrl\":\"https:\\\/\\\/krimispass.ch\\\/swiss\\\/wp-content\\\/uploads\\\/2024\\\/12\\\/banner_centro-magliaso.jpg\",\"datePublished\":\"2021-12-08T15:52:20+00:00\",\"dateModified\":\"2024-12-12T18:40:28+00:00\",\"description\":\"Werde zum SHERLOCK HOLMES des Centro Magliaso. Bei diesem Krimi bist du der Kommissar!\",\"breadcrumb\":{\"@id\":\"https:\\\/\\\/krimispass.ch\\\/swiss\\\/centro-magliaso\\\/#breadcrumb\"},\"inLanguage\":\"de\",\"potentialAction\":[{\"@type\":\"ReadAction\",\"target\":[\"https:\\\/\\\/krimispass.ch\\\/swiss\\\/centro-magliaso\\\/\"]}]},{\"@type\":\"ImageObject\",\"inLanguage\":\"de\",\"@id\":\"https:\\\/\\\/krimispass.ch\\\/swiss\\\/centro-magliaso\\\/#primaryimage\",\"url\":\"https:\\\/\\\/krimispass.ch\\\/swiss\\\/wp-content\\\/uploads\\\/2024\\\/12\\\/banner_centro-magliaso.jpg\",\"contentUrl\":\"https:\\\/\\\/krimispass.ch\\\/swiss\\\/wp-content\\\/uploads\\\/2024\\\/12\\\/banner_centro-magliaso.jpg\",\"width\":1200,\"height\":334,\"caption\":\"Banner - Centro Magliaso\"},{\"@type\":\"BreadcrumbList\",\"@id\":\"https:\\\/\\\/krimispass.ch\\\/swiss\\\/centro-magliaso\\\/#breadcrumb\",\"itemListElement\":[{\"@type\":\"ListItem\",\"position\":1,\"name\":\"Startseite\",\"item\":\"https:\\\/\\\/krimispass.ch\\\/swiss\\\/\"},{\"@type\":\"ListItem\",\"position\":2,\"name\":\"KrimiSpass im Centro Magliaso\"}]},{\"@type\":\"WebSite\",\"@id\":\"https:\\\/\\\/krimispass.ch\\\/swiss\\\/#website\",\"url\":\"https:\\\/\\\/krimispass.ch\\\/swiss\\\/\",\"name\":\"KrimiSpass\",\"description\":\"Das Outdoor-Krimispiel\",\"potentialAction\":[{\"@type\":\"SearchAction\",\"target\":{\"@type\":\"EntryPoint\",\"urlTemplate\":\"https:\\\/\\\/krimispass.ch\\\/swiss\\\/?s={search_term_string}\"},\"query-input\":{\"@type\":\"PropertyValueSpecification\",\"valueRequired\":true,\"valueName\":\"search_term_string\"}}],\"inLanguage\":\"de\"}]}<\/script>\n<!-- \/ Yoast SEO plugin. -->","yoast_head_json":{"title":"KrimiSpass im Centro Magliaso","description":"Werde zum SHERLOCK HOLMES des Centro Magliaso. Bei diesem Krimi bist du der Kommissar!","robots":{"index":"index","follow":"follow","max-snippet":"max-snippet:-1","max-image-preview":"max-image-preview:large","max-video-preview":"max-video-preview:-1"},"canonical":"https:\/\/krimispass.ch\/swiss\/centro-magliaso\/","og_locale":"de_DE","og_type":"article","og_title":"KrimiSpass im Centro Magliaso","og_description":"Bei diesem Krimi sind Sie der Kommissar!","og_url":"https:\/\/krimispass.ch\/swiss\/centro-magliaso\/","og_site_name":"KrimiSpass","article_publisher":"https:\/\/www.facebook.com\/KrimiSpass.ch","article_modified_time":"2024-12-12T18:40:28+00:00","og_image":[{"width":2356,"height":1571,"url":"https:\/\/krimispass.ch\/swiss\/wp-content\/uploads\/2017\/02\/titelbild_mit_logo.jpg","type":"image\/jpeg"}],"twitter_card":"summary_large_image","twitter_site":"@KrimiSpass","twitter_misc":{"Gesch\u00e4tzte Lesezeit":"2\u00a0Minuten"},"schema":{"@context":"https:\/\/schema.org","@graph":[{"@type":"WebPage","@id":"https:\/\/krimispass.ch\/swiss\/centro-magliaso\/","url":"https:\/\/krimispass.ch\/swiss\/centro-magliaso\/","name":"KrimiSpass im Centro Magliaso","isPartOf":{"@id":"https:\/\/krimispass.ch\/swiss\/#website"},"primaryImageOfPage":{"@id":"https:\/\/krimispass.ch\/swiss\/centro-magliaso\/#primaryimage"},"image":{"@id":"https:\/\/krimispass.ch\/swiss\/centro-magliaso\/#primaryimage"},"thumbnailUrl":"https:\/\/krimispass.ch\/swiss\/wp-content\/uploads\/2024\/12\/banner_centro-magliaso.jpg","datePublished":"2021-12-08T15:52:20+00:00","dateModified":"2024-12-12T18:40:28+00:00","description":"Werde zum SHERLOCK HOLMES des Centro Magliaso. Bei diesem Krimi bist du der Kommissar!","breadcrumb":{"@id":"https:\/\/krimispass.ch\/swiss\/centro-magliaso\/#breadcrumb"},"inLanguage":"de","potentialAction":[{"@type":"ReadAction","target":["https:\/\/krimispass.ch\/swiss\/centro-magliaso\/"]}]},{"@type":"ImageObject","inLanguage":"de","@id":"https:\/\/krimispass.ch\/swiss\/centro-magliaso\/#primaryimage","url":"https:\/\/krimispass.ch\/swiss\/wp-content\/uploads\/2024\/12\/banner_centro-magliaso.jpg","contentUrl":"https:\/\/krimispass.ch\/swiss\/wp-content\/uploads\/2024\/12\/banner_centro-magliaso.jpg","width":1200,"height":334,"caption":"Banner - Centro Magliaso"},{"@type":"BreadcrumbList","@id":"https:\/\/krimispass.ch\/swiss\/centro-magliaso\/#breadcrumb","itemListElement":[{"@type":"ListItem","position":1,"name":"Startseite","item":"https:\/\/krimispass.ch\/swiss\/"},{"@type":"ListItem","position":2,"name":"KrimiSpass im Centro Magliaso"}]},{"@type":"WebSite","@id":"https:\/\/krimispass.ch\/swiss\/#website","url":"https:\/\/krimispass.ch\/swiss\/","name":"KrimiSpass","description":"Das Outdoor-Krimispiel","potentialAction":[{"@type":"SearchAction","target":{"@type":"EntryPoint","urlTemplate":"https:\/\/krimispass.ch\/swiss\/?s={search_term_string}"},"query-input":{"@type":"PropertyValueSpecification","valueRequired":true,"valueName":"search_term_string"}}],"inLanguage":"de"}]}},"_links":{"self":[{"href":"https:\/\/krimispass.ch\/swiss\/wp-json\/wp\/v2\/pages\/18899","targetHints":{"allow":["GET"]}}],"collection":[{"href":"https:\/\/krimispass.ch\/swiss\/wp-json\/wp\/v2\/pages"}],"about":[{"href":"https:\/\/krimispass.ch\/swiss\/wp-json\/wp\/v2\/types\/page"}],"author":[{"embeddable":true,"href":"https:\/\/krimispass.ch\/swiss\/wp-json\/wp\/v2\/users\/1"}],"replies":[{"embeddable":true,"href":"https:\/\/krimispass.ch\/swiss\/wp-json\/wp\/v2\/comments?post=18899"}],"version-history":[{"count":10,"href":"https:\/\/krimispass.ch\/swiss\/wp-json\/wp\/v2\/pages\/18899\/revisions"}],"predecessor-version":[{"id":24590,"href":"https:\/\/krimispass.ch\/swiss\/wp-json\/wp\/v2\/pages\/18899\/revisions\/24590"}],"wp:attachment":[{"href":"https:\/\/krimispass.ch\/swiss\/wp-json\/wp\/v2\/media?parent=18899"}],"curies":[{"name":"wp","href":"https:\/\/api.w.org\/{rel}","templated":true}]}}