{"id":397,"date":"2015-02-17T21:45:49","date_gmt":"2015-02-17T21:45:49","guid":{"rendered":"https:\/\/krimispass.ch\/mordamthunersee\/?page_id=397"},"modified":"2019-07-04T08:22:06","modified_gmt":"2019-07-04T06:22:06","slug":"geheimtipp","status":"publish","type":"page","link":"https:\/\/krimispass.ch\/mordamthunersee\/?page_id=397","title":{"rendered":"Geheimtipp"},"content":{"rendered":"<p>&nbsp;<br \/>\n&nbsp;<br \/>\n<img loading=\"lazy\" decoding=\"async\" src=\"https:\/\/krimispass.ch\/mordamthunersee\/wp-content\/uploads\/2015\/02\/Detektiv_klein_transparent.png\" alt=\"Detektiv\" width=\"180\" height=\"180\" class=\"alignleft size-full wp-image-333\" \/>Um den Fall zu l\u00f6sen, m\u00fcssen Sie herausfinden, wann und wo Hannelore Burgunder ermordet wurde. Zur Bestimmung des Tatzeitpunktes, hilft Ihnen die stehengebliebene Uhr des Opfers weiter. \u00dcberlegen Sie sich, wann Hannelore zuletzt gesehen wurde und wie sie zum Tatort kam. So k\u00f6nnen Sie den Todeszeitpunkt auf eine Viertelstunde genau bestimmen.<\/p>\n<p>Den M\u00f6rder \u00fcberf\u00fchren Sie, indem Sie ein Bewegungsprofil aller Verd\u00e4chtigen erstellen. Wer hat f\u00fcr die Tatzeit ein Alibi beziehungsweise wer konnte zum Zeitpunkt des Mordes am Tatort sein? Wenn Sie die Antwort auf diese Frage finden, wissen Sie auch, wer der M\u00f6rder ist.<\/p>\n","protected":false},"excerpt":{"rendered":"<p>&nbsp; &nbsp; Um den Fall zu l\u00f6sen, m\u00fcssen Sie herausfinden, wann und wo Hannelore Burgunder ermordet wurde. Zur Bestimmung des Tatzeitpunktes, hilft Ihnen die stehengebliebene Uhr des Opfers weiter. \u00dcberlegen Sie sich, wann Hannelore zuletzt gesehen wurde und wie sie zum Tatort kam. So k\u00f6nnen Sie den Todeszeitpunkt auf eine Viertelstunde genau bestimmen. Den M\u00f6rder &hellip; <a class=\"read-excerpt\" href=\"https:\/\/krimispass.ch\/mordamthunersee\/?page_id=397\">Weiterlesen <span class=\"meta-nav\">&raquo;<\/span><\/a><\/p>\n","protected":false},"author":1,"featured_media":0,"parent":395,"menu_order":0,"comment_status":"closed","ping_status":"closed","template":"","meta":{"content-type":"","footnotes":""},"class_list":["post-397","page","type-page","status-publish","hentry"],"yoast_head":"<!-- This site is optimized with the Yoast SEO plugin v24.5 - https:\/\/yoast.com\/wordpress\/plugins\/seo\/ -->\n<title>Geheimtipp | Mord am Thunersee<\/title>\n<meta name=\"robots\" content=\"noindex, nofollow\" \/>\n<meta property=\"og:locale\" content=\"de_DE\" \/>\n<meta property=\"og:type\" content=\"article\" \/>\n<meta property=\"og:title\" content=\"Geheimtipp | Mord am Thunersee\" \/>\n<meta property=\"og:description\" content=\"&nbsp; &nbsp; Um den Fall zu l\u00f6sen, m\u00fcssen Sie herausfinden, wann und wo Hannelore Burgunder ermordet wurde. Zur Bestimmung des Tatzeitpunktes, hilft Ihnen die stehengebliebene Uhr des Opfers weiter. \u00dcberlegen Sie sich, wann Hannelore zuletzt gesehen wurde und wie sie zum Tatort kam. So k\u00f6nnen Sie den Todeszeitpunkt auf eine Viertelstunde genau bestimmen. Den M\u00f6rder &hellip; Weiterlesen &raquo;\" \/>\n<meta property=\"og:url\" content=\"https:\/\/krimispass.ch\/mordamthunersee\/?page_id=397\" \/>\n<meta property=\"og:site_name\" content=\"Mord am Thunersee\" \/>\n<meta property=\"article:modified_time\" content=\"2019-07-04T06:22:06+00:00\" \/>\n<meta property=\"og:image\" content=\"https:\/\/krimispass.ch\/mordamthunersee\/wp-content\/uploads\/2015\/02\/Detektiv_klein_transparent.png\" \/>\n<meta name=\"twitter:card\" content=\"summary_large_image\" \/>\n<meta name=\"twitter:label1\" content=\"Gesch\u00e4tzte Lesezeit\" \/>\n\t<meta name=\"twitter:data1\" content=\"1\u00a0Minute\" \/>\n<script type=\"application\/ld+json\" class=\"yoast-schema-graph\">{\"@context\":\"https:\/\/schema.org\",\"@graph\":[{\"@type\":\"WebPage\",\"@id\":\"https:\/\/krimispass.ch\/mordamthunersee\/?page_id=397\",\"url\":\"https:\/\/krimispass.ch\/mordamthunersee\/?page_id=397\",\"name\":\"Geheimtipp | Mord am Thunersee\",\"isPartOf\":{\"@id\":\"https:\/\/krimispass.ch\/mordamthunersee\/#website\"},\"primaryImageOfPage\":{\"@id\":\"https:\/\/krimispass.ch\/mordamthunersee\/?page_id=397#primaryimage\"},\"image\":{\"@id\":\"https:\/\/krimispass.ch\/mordamthunersee\/?page_id=397#primaryimage\"},\"thumbnailUrl\":\"https:\/\/krimispass.ch\/mordamthunersee\/wp-content\/uploads\/2015\/02\/Detektiv_klein_transparent.png\",\"datePublished\":\"2015-02-17T21:45:49+00:00\",\"dateModified\":\"2019-07-04T06:22:06+00:00\",\"breadcrumb\":{\"@id\":\"https:\/\/krimispass.ch\/mordamthunersee\/?page_id=397#breadcrumb\"},\"inLanguage\":\"de\",\"potentialAction\":[{\"@type\":\"ReadAction\",\"target\":[\"https:\/\/krimispass.ch\/mordamthunersee\/?page_id=397\"]}]},{\"@type\":\"ImageObject\",\"inLanguage\":\"de\",\"@id\":\"https:\/\/krimispass.ch\/mordamthunersee\/?page_id=397#primaryimage\",\"url\":\"https:\/\/krimispass.ch\/mordamthunersee\/wp-content\/uploads\/2015\/02\/Detektiv_klein_transparent.png\",\"contentUrl\":\"https:\/\/krimispass.ch\/mordamthunersee\/wp-content\/uploads\/2015\/02\/Detektiv_klein_transparent.png\",\"width\":210,\"height\":210},{\"@type\":\"BreadcrumbList\",\"@id\":\"https:\/\/krimispass.ch\/mordamthunersee\/?page_id=397#breadcrumb\",\"itemListElement\":[{\"@type\":\"ListItem\",\"position\":1,\"name\":\"Startseite\",\"item\":\"https:\/\/krimispass.ch\/mordamthunersee\/\"},{\"@type\":\"ListItem\",\"position\":2,\"name\":\"Hilfe\",\"item\":\"https:\/\/krimispass.ch\/mordamthunersee\/?page_id=102\"},{\"@type\":\"ListItem\",\"position\":3,\"name\":\"Sind Sie sicher?\",\"item\":\"https:\/\/krimispass.ch\/mordamthunersee\/?page_id=395\"},{\"@type\":\"ListItem\",\"position\":4,\"name\":\"Geheimtipp\"}]},{\"@type\":\"WebSite\",\"@id\":\"https:\/\/krimispass.ch\/mordamthunersee\/#website\",\"url\":\"https:\/\/krimispass.ch\/mordamthunersee\/\",\"name\":\"Mord am Thunersee\",\"description\":\"Das Krimi-Erlebnis im Berner Oberland\",\"potentialAction\":[{\"@type\":\"SearchAction\",\"target\":{\"@type\":\"EntryPoint\",\"urlTemplate\":\"https:\/\/krimispass.ch\/mordamthunersee\/?s={search_term_string}\"},\"query-input\":{\"@type\":\"PropertyValueSpecification\",\"valueRequired\":true,\"valueName\":\"search_term_string\"}}],\"inLanguage\":\"de\"}]}<\/script>\n<!-- \/ Yoast SEO plugin. -->","yoast_head_json":{"title":"Geheimtipp | Mord am Thunersee","robots":{"index":"noindex","follow":"nofollow"},"og_locale":"de_DE","og_type":"article","og_title":"Geheimtipp | Mord am Thunersee","og_description":"&nbsp; &nbsp; Um den Fall zu l\u00f6sen, m\u00fcssen Sie herausfinden, wann und wo Hannelore Burgunder ermordet wurde. Zur Bestimmung des Tatzeitpunktes, hilft Ihnen die stehengebliebene Uhr des Opfers weiter. \u00dcberlegen Sie sich, wann Hannelore zuletzt gesehen wurde und wie sie zum Tatort kam. So k\u00f6nnen Sie den Todeszeitpunkt auf eine Viertelstunde genau bestimmen. Den M\u00f6rder &hellip; Weiterlesen &raquo;","og_url":"https:\/\/krimispass.ch\/mordamthunersee\/?page_id=397","og_site_name":"Mord am Thunersee","article_modified_time":"2019-07-04T06:22:06+00:00","og_image":[{"url":"https:\/\/krimispass.ch\/mordamthunersee\/wp-content\/uploads\/2015\/02\/Detektiv_klein_transparent.png","type":"","width":"","height":""}],"twitter_card":"summary_large_image","twitter_misc":{"Gesch\u00e4tzte Lesezeit":"1\u00a0Minute"},"schema":{"@context":"https:\/\/schema.org","@graph":[{"@type":"WebPage","@id":"https:\/\/krimispass.ch\/mordamthunersee\/?page_id=397","url":"https:\/\/krimispass.ch\/mordamthunersee\/?page_id=397","name":"Geheimtipp | Mord am Thunersee","isPartOf":{"@id":"https:\/\/krimispass.ch\/mordamthunersee\/#website"},"primaryImageOfPage":{"@id":"https:\/\/krimispass.ch\/mordamthunersee\/?page_id=397#primaryimage"},"image":{"@id":"https:\/\/krimispass.ch\/mordamthunersee\/?page_id=397#primaryimage"},"thumbnailUrl":"https:\/\/krimispass.ch\/mordamthunersee\/wp-content\/uploads\/2015\/02\/Detektiv_klein_transparent.png","datePublished":"2015-02-17T21:45:49+00:00","dateModified":"2019-07-04T06:22:06+00:00","breadcrumb":{"@id":"https:\/\/krimispass.ch\/mordamthunersee\/?page_id=397#breadcrumb"},"inLanguage":"de","potentialAction":[{"@type":"ReadAction","target":["https:\/\/krimispass.ch\/mordamthunersee\/?page_id=397"]}]},{"@type":"ImageObject","inLanguage":"de","@id":"https:\/\/krimispass.ch\/mordamthunersee\/?page_id=397#primaryimage","url":"https:\/\/krimispass.ch\/mordamthunersee\/wp-content\/uploads\/2015\/02\/Detektiv_klein_transparent.png","contentUrl":"https:\/\/krimispass.ch\/mordamthunersee\/wp-content\/uploads\/2015\/02\/Detektiv_klein_transparent.png","width":210,"height":210},{"@type":"BreadcrumbList","@id":"https:\/\/krimispass.ch\/mordamthunersee\/?page_id=397#breadcrumb","itemListElement":[{"@type":"ListItem","position":1,"name":"Startseite","item":"https:\/\/krimispass.ch\/mordamthunersee\/"},{"@type":"ListItem","position":2,"name":"Hilfe","item":"https:\/\/krimispass.ch\/mordamthunersee\/?page_id=102"},{"@type":"ListItem","position":3,"name":"Sind Sie sicher?","item":"https:\/\/krimispass.ch\/mordamthunersee\/?page_id=395"},{"@type":"ListItem","position":4,"name":"Geheimtipp"}]},{"@type":"WebSite","@id":"https:\/\/krimispass.ch\/mordamthunersee\/#website","url":"https:\/\/krimispass.ch\/mordamthunersee\/","name":"Mord am Thunersee","description":"Das Krimi-Erlebnis im Berner Oberland","potentialAction":[{"@type":"SearchAction","target":{"@type":"EntryPoint","urlTemplate":"https:\/\/krimispass.ch\/mordamthunersee\/?s={search_term_string}"},"query-input":{"@type":"PropertyValueSpecification","valueRequired":true,"valueName":"search_term_string"}}],"inLanguage":"de"}]}},"_links":{"self":[{"href":"https:\/\/krimispass.ch\/mordamthunersee\/index.php?rest_route=\/wp\/v2\/pages\/397","targetHints":{"allow":["GET"]}}],"collection":[{"href":"https:\/\/krimispass.ch\/mordamthunersee\/index.php?rest_route=\/wp\/v2\/pages"}],"about":[{"href":"https:\/\/krimispass.ch\/mordamthunersee\/index.php?rest_route=\/wp\/v2\/types\/page"}],"author":[{"embeddable":true,"href":"https:\/\/krimispass.ch\/mordamthunersee\/index.php?rest_route=\/wp\/v2\/users\/1"}],"replies":[{"embeddable":true,"href":"https:\/\/krimispass.ch\/mordamthunersee\/index.php?rest_route=%2Fwp%2Fv2%2Fcomments&post=397"}],"version-history":[{"count":0,"href":"https:\/\/krimispass.ch\/mordamthunersee\/index.php?rest_route=\/wp\/v2\/pages\/397\/revisions"}],"up":[{"embeddable":true,"href":"https:\/\/krimispass.ch\/mordamthunersee\/index.php?rest_route=\/wp\/v2\/pages\/395"}],"wp:attachment":[{"href":"https:\/\/krimispass.ch\/mordamthunersee\/index.php?rest_route=%2Fwp%2Fv2%2Fmedia&parent=397"}],"curies":[{"name":"wp","href":"https:\/\/api.w.org\/{rel}","templated":true}]}}