{"id":312,"date":"2015-02-04T11:17:41","date_gmt":"2015-02-04T11:17:41","guid":{"rendered":"https:\/\/krimispass.ch\/mordamthunersee\/?page_id=312"},"modified":"2017-07-17T01:51:33","modified_gmt":"2017-07-16T23:51:33","slug":"der-mordfall","status":"publish","type":"page","link":"https:\/\/krimispass.ch\/mordamthunersee\/?page_id=312","title":{"rendered":"Der Mordfall"},"content":{"rendered":"<p>&nbsp;<br \/>\n<strong>Bei diesem interaktiven Krimispiel sind Sie der Kommissar! Ermitteln Sie in einem mysteri\u00f6sen Mordfall, der sich vor einigen Tagen vor der imposanten Kulisse des Berner Oberlands ereignet hat.<\/strong><\/p>\n<p>&nbsp;<\/p>\n<h5><img decoding=\"async\" src=\"https:\/\/krimispass.ch\/mordamthunersee\/wp-content\/uploads\/2015\/02\/Hannelore_Burgunder.jpg\" alt=\"Hannelore Burgunder\" width=\"250\" class=\"alignleft size-full wp-image-801\" \/>Das Mordopfer<\/h5>\n<p>&nbsp;<br \/>\nHannelore Burgunder war eine \u00e4ltere, wohlhabende Dame aus Faulensee. In jungen Jahren heiratete sie Eduard Burgunder, einen steinreichen Gesch\u00e4ftsmann aus Oberhofen am Thunersee. Bereits nach wenigen Jahren war die Ehe am Ende. Bei der Scheidung ging ein grosser Teil des gemeinsamen Verm\u00f6gens auf Hannelore \u00fcber. Seither f\u00fchrte sie ein unauff\u00e4lliges und zur\u00fcckgezogenes Leben in einer stattlichen Villa in Faulensee.<\/p>\n<p>Vor einigen Tagen wurde Hannelore Burgunder als vermisst gemeldet, nachdem sie von einem Ausflug nicht zur\u00fcckgekehrt war. Seither fehlte jede Spur von ihr. Heute morgen wurde nun ihre Leiche beim Bonstettenpark in Thun gefunden. Sie trieb im Wasser am Ufer des Thunersees.<\/p>\n<p>Die Tote wurde von der Gerichtsmedizin untersucht und schnell stellte sich heraus: Hannelore Burgunder wurde ermordet! Doch viele Fragen bleiben offen. Ist der Bonstettenpark auch der Tatort oder wurde der Mord an einem anderen Ort ver\u00fcbt? Warum musste Hannelore Burgunder sterben und vor allem, wer ist f\u00fcr diese schreckliche Tat verantwortlich?<\/p>\n<p>Nehmen Sie Ihre Ermittlungen im Fall \u201cHannelore Burgunder\u201d auf, untersuchen Sie <a href=\"https:\/\/krimispass.ch\/mordamthunersee\/?page_id=90\" title=\"Die Schaupl\u00e4tze\">die verschiedenen Schaupl\u00e4tze<\/a> und nehmen Sie <a href=\"https:\/\/krimispass.ch\/mordamthunersee\/?page_id=295\" title=\"Die Verd\u00e4chtigen\">die f\u00fcnf Hauptverd\u00e4chtigen<\/a> genauer unter die Lupe. Finden Sie heraus, wer Hannelore Burgunder ermordet hat. Die Hoffnungen des gesamten Berner Oberlands lasten auf Ihren Schultern.<\/p>\n<p><a href=\"https:\/\/krimispass.ch\/mordamthunersee\/?page_id=84\" title=\"Ermittlungen starten\">Ermittlungen starten<\/a><\/p>\n","protected":false},"excerpt":{"rendered":"<p>&nbsp; Bei diesem interaktiven Krimispiel sind Sie der Kommissar! Ermitteln Sie in einem mysteri\u00f6sen Mordfall, der sich vor einigen Tagen vor der imposanten Kulisse des Berner Oberlands ereignet hat. &nbsp; Das Mordopfer &nbsp; Hannelore Burgunder war eine \u00e4ltere, wohlhabende Dame aus Faulensee. In jungen Jahren heiratete sie Eduard Burgunder, einen steinreichen Gesch\u00e4ftsmann aus Oberhofen am &hellip; <a class=\"read-excerpt\" href=\"https:\/\/krimispass.ch\/mordamthunersee\/?page_id=312\">Weiterlesen <span class=\"meta-nav\">&raquo;<\/span><\/a><\/p>\n","protected":false},"author":1,"featured_media":0,"parent":0,"menu_order":1,"comment_status":"closed","ping_status":"closed","template":"","meta":{"content-type":"","footnotes":""},"class_list":["post-312","page","type-page","status-publish","hentry"],"yoast_head":"<!-- This site is optimized with the Yoast SEO plugin v24.5 - https:\/\/yoast.com\/wordpress\/plugins\/seo\/ -->\n<title>Der Mordfall | Mord am Thunersee<\/title>\n<meta name=\"robots\" content=\"noindex, follow, max-snippet:-1, max-image-preview:large, max-video-preview:-1\" \/>\n<meta property=\"og:locale\" content=\"de_DE\" \/>\n<meta property=\"og:type\" content=\"article\" \/>\n<meta property=\"og:title\" content=\"Der Mordfall | Mord am Thunersee\" \/>\n<meta property=\"og:description\" content=\"&nbsp; Bei diesem interaktiven Krimispiel sind Sie der Kommissar! Ermitteln Sie in einem mysteri\u00f6sen Mordfall, der sich vor einigen Tagen vor der imposanten Kulisse des Berner Oberlands ereignet hat. &nbsp; Das Mordopfer &nbsp; Hannelore Burgunder war eine \u00e4ltere, wohlhabende Dame aus Faulensee. In jungen Jahren heiratete sie Eduard Burgunder, einen steinreichen Gesch\u00e4ftsmann aus Oberhofen am &hellip; Weiterlesen &raquo;\" \/>\n<meta property=\"og:url\" content=\"https:\/\/krimispass.ch\/mordamthunersee\/?page_id=312\" \/>\n<meta property=\"og:site_name\" content=\"Mord am Thunersee\" \/>\n<meta property=\"article:modified_time\" content=\"2017-07-16T23:51:33+00:00\" \/>\n<meta property=\"og:image\" content=\"https:\/\/krimispass.ch\/mordamthunersee\/wp-content\/uploads\/2015\/02\/Hannelore_Burgunder.jpg\" \/>\n<meta name=\"twitter:card\" content=\"summary_large_image\" \/>\n<meta name=\"twitter:label1\" content=\"Gesch\u00e4tzte Lesezeit\" \/>\n\t<meta name=\"twitter:data1\" content=\"1\u00a0Minute\" \/>\n<script type=\"application\/ld+json\" class=\"yoast-schema-graph\">{\"@context\":\"https:\/\/schema.org\",\"@graph\":[{\"@type\":\"WebPage\",\"@id\":\"https:\/\/krimispass.ch\/mordamthunersee\/?page_id=312\",\"url\":\"https:\/\/krimispass.ch\/mordamthunersee\/?page_id=312\",\"name\":\"Der Mordfall | Mord am Thunersee\",\"isPartOf\":{\"@id\":\"https:\/\/krimispass.ch\/mordamthunersee\/#website\"},\"primaryImageOfPage\":{\"@id\":\"https:\/\/krimispass.ch\/mordamthunersee\/?page_id=312#primaryimage\"},\"image\":{\"@id\":\"https:\/\/krimispass.ch\/mordamthunersee\/?page_id=312#primaryimage\"},\"thumbnailUrl\":\"https:\/\/krimispass.ch\/mordamthunersee\/wp-content\/uploads\/2015\/02\/Hannelore_Burgunder.jpg\",\"datePublished\":\"2015-02-04T11:17:41+00:00\",\"dateModified\":\"2017-07-16T23:51:33+00:00\",\"breadcrumb\":{\"@id\":\"https:\/\/krimispass.ch\/mordamthunersee\/?page_id=312#breadcrumb\"},\"inLanguage\":\"de\",\"potentialAction\":[{\"@type\":\"ReadAction\",\"target\":[\"https:\/\/krimispass.ch\/mordamthunersee\/?page_id=312\"]}]},{\"@type\":\"ImageObject\",\"inLanguage\":\"de\",\"@id\":\"https:\/\/krimispass.ch\/mordamthunersee\/?page_id=312#primaryimage\",\"url\":\"https:\/\/krimispass.ch\/mordamthunersee\/wp-content\/uploads\/2015\/02\/Hannelore_Burgunder.jpg\",\"contentUrl\":\"https:\/\/krimispass.ch\/mordamthunersee\/wp-content\/uploads\/2015\/02\/Hannelore_Burgunder.jpg\",\"width\":283,\"height\":424},{\"@type\":\"BreadcrumbList\",\"@id\":\"https:\/\/krimispass.ch\/mordamthunersee\/?page_id=312#breadcrumb\",\"itemListElement\":[{\"@type\":\"ListItem\",\"position\":1,\"name\":\"Startseite\",\"item\":\"https:\/\/krimispass.ch\/mordamthunersee\/\"},{\"@type\":\"ListItem\",\"position\":2,\"name\":\"Der Mordfall\"}]},{\"@type\":\"WebSite\",\"@id\":\"https:\/\/krimispass.ch\/mordamthunersee\/#website\",\"url\":\"https:\/\/krimispass.ch\/mordamthunersee\/\",\"name\":\"Mord am Thunersee\",\"description\":\"Das Krimi-Erlebnis im Berner Oberland\",\"potentialAction\":[{\"@type\":\"SearchAction\",\"target\":{\"@type\":\"EntryPoint\",\"urlTemplate\":\"https:\/\/krimispass.ch\/mordamthunersee\/?s={search_term_string}\"},\"query-input\":{\"@type\":\"PropertyValueSpecification\",\"valueRequired\":true,\"valueName\":\"search_term_string\"}}],\"inLanguage\":\"de\"}]}<\/script>\n<!-- \/ Yoast SEO plugin. -->","yoast_head_json":{"title":"Der Mordfall | Mord am Thunersee","robots":{"index":"noindex","follow":"follow","max-snippet":"max-snippet:-1","max-image-preview":"max-image-preview:large","max-video-preview":"max-video-preview:-1"},"og_locale":"de_DE","og_type":"article","og_title":"Der Mordfall | Mord am Thunersee","og_description":"&nbsp; Bei diesem interaktiven Krimispiel sind Sie der Kommissar! Ermitteln Sie in einem mysteri\u00f6sen Mordfall, der sich vor einigen Tagen vor der imposanten Kulisse des Berner Oberlands ereignet hat. &nbsp; Das Mordopfer &nbsp; Hannelore Burgunder war eine \u00e4ltere, wohlhabende Dame aus Faulensee. In jungen Jahren heiratete sie Eduard Burgunder, einen steinreichen Gesch\u00e4ftsmann aus Oberhofen am &hellip; Weiterlesen &raquo;","og_url":"https:\/\/krimispass.ch\/mordamthunersee\/?page_id=312","og_site_name":"Mord am Thunersee","article_modified_time":"2017-07-16T23:51:33+00:00","og_image":[{"url":"https:\/\/krimispass.ch\/mordamthunersee\/wp-content\/uploads\/2015\/02\/Hannelore_Burgunder.jpg","type":"","width":"","height":""}],"twitter_card":"summary_large_image","twitter_misc":{"Gesch\u00e4tzte Lesezeit":"1\u00a0Minute"},"schema":{"@context":"https:\/\/schema.org","@graph":[{"@type":"WebPage","@id":"https:\/\/krimispass.ch\/mordamthunersee\/?page_id=312","url":"https:\/\/krimispass.ch\/mordamthunersee\/?page_id=312","name":"Der Mordfall | Mord am Thunersee","isPartOf":{"@id":"https:\/\/krimispass.ch\/mordamthunersee\/#website"},"primaryImageOfPage":{"@id":"https:\/\/krimispass.ch\/mordamthunersee\/?page_id=312#primaryimage"},"image":{"@id":"https:\/\/krimispass.ch\/mordamthunersee\/?page_id=312#primaryimage"},"thumbnailUrl":"https:\/\/krimispass.ch\/mordamthunersee\/wp-content\/uploads\/2015\/02\/Hannelore_Burgunder.jpg","datePublished":"2015-02-04T11:17:41+00:00","dateModified":"2017-07-16T23:51:33+00:00","breadcrumb":{"@id":"https:\/\/krimispass.ch\/mordamthunersee\/?page_id=312#breadcrumb"},"inLanguage":"de","potentialAction":[{"@type":"ReadAction","target":["https:\/\/krimispass.ch\/mordamthunersee\/?page_id=312"]}]},{"@type":"ImageObject","inLanguage":"de","@id":"https:\/\/krimispass.ch\/mordamthunersee\/?page_id=312#primaryimage","url":"https:\/\/krimispass.ch\/mordamthunersee\/wp-content\/uploads\/2015\/02\/Hannelore_Burgunder.jpg","contentUrl":"https:\/\/krimispass.ch\/mordamthunersee\/wp-content\/uploads\/2015\/02\/Hannelore_Burgunder.jpg","width":283,"height":424},{"@type":"BreadcrumbList","@id":"https:\/\/krimispass.ch\/mordamthunersee\/?page_id=312#breadcrumb","itemListElement":[{"@type":"ListItem","position":1,"name":"Startseite","item":"https:\/\/krimispass.ch\/mordamthunersee\/"},{"@type":"ListItem","position":2,"name":"Der Mordfall"}]},{"@type":"WebSite","@id":"https:\/\/krimispass.ch\/mordamthunersee\/#website","url":"https:\/\/krimispass.ch\/mordamthunersee\/","name":"Mord am Thunersee","description":"Das Krimi-Erlebnis im Berner Oberland","potentialAction":[{"@type":"SearchAction","target":{"@type":"EntryPoint","urlTemplate":"https:\/\/krimispass.ch\/mordamthunersee\/?s={search_term_string}"},"query-input":{"@type":"PropertyValueSpecification","valueRequired":true,"valueName":"search_term_string"}}],"inLanguage":"de"}]}},"_links":{"self":[{"href":"https:\/\/krimispass.ch\/mordamthunersee\/index.php?rest_route=\/wp\/v2\/pages\/312","targetHints":{"allow":["GET"]}}],"collection":[{"href":"https:\/\/krimispass.ch\/mordamthunersee\/index.php?rest_route=\/wp\/v2\/pages"}],"about":[{"href":"https:\/\/krimispass.ch\/mordamthunersee\/index.php?rest_route=\/wp\/v2\/types\/page"}],"author":[{"embeddable":true,"href":"https:\/\/krimispass.ch\/mordamthunersee\/index.php?rest_route=\/wp\/v2\/users\/1"}],"replies":[{"embeddable":true,"href":"https:\/\/krimispass.ch\/mordamthunersee\/index.php?rest_route=%2Fwp%2Fv2%2Fcomments&post=312"}],"version-history":[{"count":0,"href":"https:\/\/krimispass.ch\/mordamthunersee\/index.php?rest_route=\/wp\/v2\/pages\/312\/revisions"}],"wp:attachment":[{"href":"https:\/\/krimispass.ch\/mordamthunersee\/index.php?rest_route=%2Fwp%2Fv2%2Fmedia&parent=312"}],"curies":[{"name":"wp","href":"https:\/\/api.w.org\/{rel}","templated":true}]}}