{"id":100,"date":"2014-07-23T19:48:30","date_gmt":"2014-07-23T19:48:30","guid":{"rendered":"https:\/\/krimispass.ch\/mordamthunersee\/?page_id=100"},"modified":"2024-05-18T22:10:30","modified_gmt":"2024-05-18T20:10:30","slug":"loesung-eingeben","status":"publish","type":"page","link":"https:\/\/krimispass.ch\/mordamthunersee\/?page_id=100","title":{"rendered":"L\u00f6sung eingeben"},"content":{"rendered":"<p>&nbsp;<br \/>\n<strong>Haben Sie das R\u00e4tsel gel\u00f6st? Wissen Sie, wer f\u00fcr den Mord an Hannelore Burgunder verantwortlich ist? Dann k\u00f6nnen Sie hier Ihren Tipp abgeben.<\/strong><\/p>\n<p>Anschliessend bekommen Sie innert wenigen Minuten eine E-Mail mit einem Link zur Aufl\u00f6sung. So k\u00f6nnen Sie die Ergebnisse Ihrer Ermittlungen mit den tats\u00e4chlichen Vorkommnissen vergleichen und nachpr\u00fcfen, ob Sie mit Ihrer Vermutung richtig lagen.<\/p>\n<p>&nbsp;<br \/>\n<strong>Bitte machen Sie folgende Angaben:<\/strong><\/p>\n\n<div class=\"wpcf7 no-js\" id=\"wpcf7-f1598-o1\" lang=\"de-DE\" dir=\"ltr\" data-wpcf7-id=\"1598\">\n<div class=\"screen-reader-response\"><p role=\"status\" aria-live=\"polite\" aria-atomic=\"true\"><\/p> <ul><\/ul><\/div>\n<form action=\"\/mordamthunersee\/index.php?rest_route=%2Fwp%2Fv2%2Fpages%2F100#wpcf7-f1598-o1\" method=\"post\" class=\"wpcf7-form init\" aria-label=\"Kontaktformular\" novalidate=\"novalidate\" data-status=\"init\">\n<div style=\"display: none;\">\n<input type=\"hidden\" name=\"_wpcf7\" value=\"1598\" \/>\n<input type=\"hidden\" name=\"_wpcf7_version\" value=\"6.0.4\" \/>\n<input type=\"hidden\" name=\"_wpcf7_locale\" value=\"de_DE\" \/>\n<input type=\"hidden\" name=\"_wpcf7_unit_tag\" value=\"wpcf7-f1598-o1\" \/>\n<input type=\"hidden\" name=\"_wpcf7_container_post\" value=\"0\" \/>\n<input type=\"hidden\" name=\"_wpcf7_posted_data_hash\" value=\"\" \/>\n<\/div>\n<p>Name\n<\/p>\n<p><span class=\"wpcf7-form-control-wrap\" data-name=\"your-name\"><input size=\"40\" maxlength=\"400\" class=\"wpcf7-form-control wpcf7-text wpcf7-validates-as-required\" aria-required=\"true\" aria-invalid=\"false\" value=\"\" type=\"text\" name=\"your-name\" \/><\/span>\n<\/p>\n<p><span id=\"wpcf7-69e31a039b58b-wrapper\" class=\"wpcf7-form-control-wrap your-vorname-wrap\" style=\"display:none !important; visibility:hidden !important;\"><label for=\"wpcf7-69e31a039b58b-field\" class=\"hp-message\">Bitte lasse dieses Feld leer.<\/label><input id=\"wpcf7-69e31a039b58b-field\"  class=\"wpcf7-form-control wpcf7-text\" type=\"text\" name=\"your-vorname\" value=\"\" size=\"40\" tabindex=\"-1\" autocomplete=\"new-password\" \/><\/span>\n<\/p>\n<p>Wohnort\n<\/p>\n<p><span class=\"wpcf7-form-control-wrap\" data-name=\"wohnort\"><input size=\"40\" maxlength=\"400\" class=\"wpcf7-form-control wpcf7-text wpcf7-validates-as-required\" aria-required=\"true\" aria-invalid=\"false\" value=\"\" type=\"text\" name=\"wohnort\" \/><\/span>\n<\/p>\n<p>E-Mail\n<\/p>\n<p><span class=\"wpcf7-form-control-wrap\" data-name=\"your-email\"><input size=\"40\" maxlength=\"400\" class=\"wpcf7-form-control wpcf7-email wpcf7-validates-as-required wpcf7-text wpcf7-validates-as-email\" aria-required=\"true\" aria-invalid=\"false\" value=\"\" type=\"email\" name=\"your-email\" \/><\/span>\n<\/p>\n<p>&nbsp;<br \/>\n<strong>Wer hat Hannelore Burgunder ermordet?<\/strong>\n<\/p>\n<p><span class=\"wpcf7-form-control-wrap\" data-name=\"moerder\"><select class=\"wpcf7-form-control wpcf7-select wpcf7-validates-as-required\" aria-required=\"true\" aria-invalid=\"false\" name=\"moerder\"><option value=\"\">&#8211; Bitte ausw\u00e4hlen &#8211;<\/option><option value=\"Eduard Burgunder\">Eduard Burgunder<\/option><option value=\"Sandy Zumb\u00fchl\">Sandy Zumb\u00fchl<\/option><option value=\"Maximilian Burgunder\">Maximilian Burgunder<\/option><option value=\"J\u00fcrg Stucki\">J\u00fcrg Stucki<\/option><option value=\"Bertha Winkler\">Bertha Winkler<\/option><\/select><\/span>\n<\/p>\n<p><strong>Wo befindet sich der Tatort?<\/strong>\n<\/p>\n<p><span class=\"wpcf7-form-control-wrap\" data-name=\"tatort\"><select class=\"wpcf7-form-control wpcf7-select wpcf7-validates-as-required\" aria-required=\"true\" aria-invalid=\"false\" name=\"tatort\"><option value=\"\">&#8211; Bitte ausw\u00e4hlen &#8211;<\/option><option value=\"Thun, Bonstettenpark\">Thun, Bonstettenpark<\/option><option value=\"Einigen\">Einigen<\/option><option value=\"Faulensee\">Faulensee<\/option><option value=\"Leissigen\">Leissigen<\/option><option value=\"D\u00e4rligen\">D\u00e4rligen<\/option><option value=\"Interlaken\">Interlaken<\/option><option value=\"Beatenbucht\">Beatenbucht<\/option><option value=\"Merligen\">Merligen<\/option><option value=\"Oberhofen\">Oberhofen<\/option><option value=\"Thun, Schiffsstation\">Thun, Schiffsstation<\/option><\/select><\/span>\n<\/p>\n<p>Kommentar (optional)\n<\/p>\n<p><span class=\"wpcf7-form-control-wrap\" data-name=\"your-message\"><textarea cols=\"40\" rows=\"10\" maxlength=\"2000\" class=\"wpcf7-form-control wpcf7-textarea\" aria-invalid=\"false\" placeholder=\"Wenn Sie m\u00f6chten, k\u00f6nnen Sie in diesem Feld weitere Erkenntnisse Ihrer Ermittlungen ausf\u00fchren.\" name=\"your-message\"><\/textarea><\/span>\n<\/p>\n<p><!-- Mailchimp for WordPress v4.10.1 - https:\/\/www.mc4wp.com\/ --><input type=\"hidden\" name=\"_mc4wp_subscribe_contact-form-7\" value=\"0\" \/><span class=\"mc4wp-checkbox mc4wp-checkbox-contact-form-7 \"><label><input type=\"checkbox\" name=\"_mc4wp_subscribe_contact-form-7\" value=\"1\" ><span>&nbsp;&nbsp;Ich m\u00f6chte den KrimiSpass Newsletter abonnieren<\/span><\/label><\/span><!-- \/ Mailchimp for WordPress --><br \/>\n<span class=\"wpcf7-form-control-wrap\" data-name=\"zustimmung\"><span class=\"wpcf7-form-control wpcf7-acceptance\"><span class=\"wpcf7-list-item\"><input type=\"checkbox\" name=\"zustimmung\" value=\"1\" aria-invalid=\"false\" \/><\/span><\/span><\/span>&nbsp;&nbsp;Ich akzeptiere die <a href=\"https:\/\/krimispass.ch\/mordamthunersee\/?page_id=18\">Datenschutzbestimmungen<\/a>\n<\/p>\n<p>&nbsp;<br \/>\n<input class=\"wpcf7-form-control wpcf7-submit has-spinner\" type=\"submit\" value=\"&nbsp;&nbsp;&nbsp;&nbsp;&nbsp;&nbsp;&nbsp;&nbsp;L\u00f6sung einreichen&nbsp;&nbsp;&nbsp;&nbsp;&nbsp;&nbsp;&nbsp;&nbsp;\" \/>\n<\/p>\n<div style=\"display: none !important\">\n\t<p><span class=\"wpcf7-form-control-wrap\" data-name=\"mordamthunersee\"><input size=\"40\" maxlength=\"400\" class=\"wpcf7-form-control wpcf7-text required\" aria-invalid=\"false\" value=\"Ja\" type=\"text\" name=\"mordamthunersee\" \/><\/span>\n\t<\/p>\n<\/div>\n<div style=\"display: none !important\">\n\t<p><span class=\"wpcf7-form-control-wrap\" data-name=\"mc4wp-nlks\"><input size=\"40\" maxlength=\"400\" class=\"wpcf7-form-control wpcf7-text required\" aria-invalid=\"false\" value=\"Ja\" type=\"text\" name=\"mc4wp-nlks\" \/><\/span>\n\t<\/p>\n<\/div><div class=\"wpcf7-response-output\" aria-hidden=\"true\"><\/div>\n<\/form>\n<\/div>\n\n","protected":false},"excerpt":{"rendered":"<p>&nbsp; Haben Sie das R\u00e4tsel gel\u00f6st? Wissen Sie, wer f\u00fcr den Mord an Hannelore Burgunder verantwortlich ist? Dann k\u00f6nnen Sie hier Ihren Tipp abgeben. Anschliessend bekommen Sie innert wenigen Minuten eine E-Mail mit einem Link zur Aufl\u00f6sung. So k\u00f6nnen Sie die Ergebnisse Ihrer Ermittlungen mit den tats\u00e4chlichen Vorkommnissen vergleichen und nachpr\u00fcfen, ob Sie mit Ihrer &hellip; <a class=\"read-excerpt\" href=\"https:\/\/krimispass.ch\/mordamthunersee\/?page_id=100\">Weiterlesen <span class=\"meta-nav\">&raquo;<\/span><\/a><\/p>\n","protected":false},"author":1,"featured_media":0,"parent":0,"menu_order":5,"comment_status":"closed","ping_status":"closed","template":"","meta":{"content-type":"","footnotes":""},"class_list":["post-100","page","type-page","status-publish","hentry"],"yoast_head":"<!-- This site is optimized with the Yoast SEO plugin v24.5 - https:\/\/yoast.com\/wordpress\/plugins\/seo\/ -->\n<title>L\u00f6sung eingeben | Mord am Thunersee<\/title>\n<meta name=\"robots\" content=\"noindex, follow, max-snippet:-1, max-image-preview:large, max-video-preview:-1\" \/>\n<meta property=\"og:locale\" content=\"de_DE\" \/>\n<meta property=\"og:type\" content=\"article\" \/>\n<meta property=\"og:title\" content=\"L\u00f6sung eingeben | Mord am Thunersee\" \/>\n<meta property=\"og:description\" content=\"&nbsp; Haben Sie das R\u00e4tsel gel\u00f6st? Wissen Sie, wer f\u00fcr den Mord an Hannelore Burgunder verantwortlich ist? Dann k\u00f6nnen Sie hier Ihren Tipp abgeben. Anschliessend bekommen Sie innert wenigen Minuten eine E-Mail mit einem Link zur Aufl\u00f6sung. So k\u00f6nnen Sie die Ergebnisse Ihrer Ermittlungen mit den tats\u00e4chlichen Vorkommnissen vergleichen und nachpr\u00fcfen, ob Sie mit Ihrer &hellip; Weiterlesen &raquo;\" \/>\n<meta property=\"og:url\" content=\"https:\/\/krimispass.ch\/mordamthunersee\/?page_id=100\" \/>\n<meta property=\"og:site_name\" content=\"Mord am Thunersee\" \/>\n<meta property=\"article:modified_time\" content=\"2024-05-18T20:10:30+00:00\" \/>\n<meta property=\"og:image\" content=\"https:\/\/krimispass.ch\/mordamthunersee\/wp-content\/uploads\/2018\/12\/titelbild.jpg\" \/>\n\t<meta property=\"og:image:width\" content=\"1688\" \/>\n\t<meta property=\"og:image:height\" content=\"799\" \/>\n\t<meta property=\"og:image:type\" content=\"image\/jpeg\" \/>\n<meta name=\"twitter:card\" content=\"summary_large_image\" \/>\n<meta name=\"twitter:label1\" content=\"Gesch\u00e4tzte Lesezeit\" \/>\n\t<meta name=\"twitter:data1\" content=\"1\u00a0Minute\" \/>\n<script type=\"application\/ld+json\" class=\"yoast-schema-graph\">{\"@context\":\"https:\/\/schema.org\",\"@graph\":[{\"@type\":\"WebPage\",\"@id\":\"https:\/\/krimispass.ch\/mordamthunersee\/?page_id=100\",\"url\":\"https:\/\/krimispass.ch\/mordamthunersee\/?page_id=100\",\"name\":\"L\u00f6sung eingeben | Mord am Thunersee\",\"isPartOf\":{\"@id\":\"https:\/\/krimispass.ch\/mordamthunersee\/#website\"},\"datePublished\":\"2014-07-23T19:48:30+00:00\",\"dateModified\":\"2024-05-18T20:10:30+00:00\",\"breadcrumb\":{\"@id\":\"https:\/\/krimispass.ch\/mordamthunersee\/?page_id=100#breadcrumb\"},\"inLanguage\":\"de\",\"potentialAction\":[{\"@type\":\"ReadAction\",\"target\":[\"https:\/\/krimispass.ch\/mordamthunersee\/?page_id=100\"]}]},{\"@type\":\"BreadcrumbList\",\"@id\":\"https:\/\/krimispass.ch\/mordamthunersee\/?page_id=100#breadcrumb\",\"itemListElement\":[{\"@type\":\"ListItem\",\"position\":1,\"name\":\"Startseite\",\"item\":\"https:\/\/krimispass.ch\/mordamthunersee\/\"},{\"@type\":\"ListItem\",\"position\":2,\"name\":\"L\u00f6sung eingeben\"}]},{\"@type\":\"WebSite\",\"@id\":\"https:\/\/krimispass.ch\/mordamthunersee\/#website\",\"url\":\"https:\/\/krimispass.ch\/mordamthunersee\/\",\"name\":\"Mord am Thunersee\",\"description\":\"Das Krimi-Erlebnis im Berner Oberland\",\"potentialAction\":[{\"@type\":\"SearchAction\",\"target\":{\"@type\":\"EntryPoint\",\"urlTemplate\":\"https:\/\/krimispass.ch\/mordamthunersee\/?s={search_term_string}\"},\"query-input\":{\"@type\":\"PropertyValueSpecification\",\"valueRequired\":true,\"valueName\":\"search_term_string\"}}],\"inLanguage\":\"de\"}]}<\/script>\n<!-- \/ Yoast SEO plugin. -->","yoast_head_json":{"title":"L\u00f6sung eingeben | Mord am Thunersee","robots":{"index":"noindex","follow":"follow","max-snippet":"max-snippet:-1","max-image-preview":"max-image-preview:large","max-video-preview":"max-video-preview:-1"},"og_locale":"de_DE","og_type":"article","og_title":"L\u00f6sung eingeben | Mord am Thunersee","og_description":"&nbsp; Haben Sie das R\u00e4tsel gel\u00f6st? Wissen Sie, wer f\u00fcr den Mord an Hannelore Burgunder verantwortlich ist? Dann k\u00f6nnen Sie hier Ihren Tipp abgeben. Anschliessend bekommen Sie innert wenigen Minuten eine E-Mail mit einem Link zur Aufl\u00f6sung. So k\u00f6nnen Sie die Ergebnisse Ihrer Ermittlungen mit den tats\u00e4chlichen Vorkommnissen vergleichen und nachpr\u00fcfen, ob Sie mit Ihrer &hellip; Weiterlesen &raquo;","og_url":"https:\/\/krimispass.ch\/mordamthunersee\/?page_id=100","og_site_name":"Mord am Thunersee","article_modified_time":"2024-05-18T20:10:30+00:00","og_image":[{"width":1688,"height":799,"url":"https:\/\/krimispass.ch\/mordamthunersee\/wp-content\/uploads\/2018\/12\/titelbild.jpg","type":"image\/jpeg"}],"twitter_card":"summary_large_image","twitter_misc":{"Gesch\u00e4tzte Lesezeit":"1\u00a0Minute"},"schema":{"@context":"https:\/\/schema.org","@graph":[{"@type":"WebPage","@id":"https:\/\/krimispass.ch\/mordamthunersee\/?page_id=100","url":"https:\/\/krimispass.ch\/mordamthunersee\/?page_id=100","name":"L\u00f6sung eingeben | Mord am Thunersee","isPartOf":{"@id":"https:\/\/krimispass.ch\/mordamthunersee\/#website"},"datePublished":"2014-07-23T19:48:30+00:00","dateModified":"2024-05-18T20:10:30+00:00","breadcrumb":{"@id":"https:\/\/krimispass.ch\/mordamthunersee\/?page_id=100#breadcrumb"},"inLanguage":"de","potentialAction":[{"@type":"ReadAction","target":["https:\/\/krimispass.ch\/mordamthunersee\/?page_id=100"]}]},{"@type":"BreadcrumbList","@id":"https:\/\/krimispass.ch\/mordamthunersee\/?page_id=100#breadcrumb","itemListElement":[{"@type":"ListItem","position":1,"name":"Startseite","item":"https:\/\/krimispass.ch\/mordamthunersee\/"},{"@type":"ListItem","position":2,"name":"L\u00f6sung eingeben"}]},{"@type":"WebSite","@id":"https:\/\/krimispass.ch\/mordamthunersee\/#website","url":"https:\/\/krimispass.ch\/mordamthunersee\/","name":"Mord am Thunersee","description":"Das Krimi-Erlebnis im Berner Oberland","potentialAction":[{"@type":"SearchAction","target":{"@type":"EntryPoint","urlTemplate":"https:\/\/krimispass.ch\/mordamthunersee\/?s={search_term_string}"},"query-input":{"@type":"PropertyValueSpecification","valueRequired":true,"valueName":"search_term_string"}}],"inLanguage":"de"}]}},"_links":{"self":[{"href":"https:\/\/krimispass.ch\/mordamthunersee\/index.php?rest_route=\/wp\/v2\/pages\/100","targetHints":{"allow":["GET"]}}],"collection":[{"href":"https:\/\/krimispass.ch\/mordamthunersee\/index.php?rest_route=\/wp\/v2\/pages"}],"about":[{"href":"https:\/\/krimispass.ch\/mordamthunersee\/index.php?rest_route=\/wp\/v2\/types\/page"}],"author":[{"embeddable":true,"href":"https:\/\/krimispass.ch\/mordamthunersee\/index.php?rest_route=\/wp\/v2\/users\/1"}],"replies":[{"embeddable":true,"href":"https:\/\/krimispass.ch\/mordamthunersee\/index.php?rest_route=%2Fwp%2Fv2%2Fcomments&post=100"}],"version-history":[{"count":5,"href":"https:\/\/krimispass.ch\/mordamthunersee\/index.php?rest_route=\/wp\/v2\/pages\/100\/revisions"}],"predecessor-version":[{"id":2778,"href":"https:\/\/krimispass.ch\/mordamthunersee\/index.php?rest_route=\/wp\/v2\/pages\/100\/revisions\/2778"}],"wp:attachment":[{"href":"https:\/\/krimispass.ch\/mordamthunersee\/index.php?rest_route=%2Fwp%2Fv2%2Fmedia&parent=100"}],"curies":[{"name":"wp","href":"https:\/\/api.w.org\/{rel}","templated":true}]}}