{"id":64,"date":"2013-12-13T15:39:15","date_gmt":"2013-12-13T15:39:15","guid":{"rendered":"https:\/\/krimispass.ch\/krimiinabox\/?page_id=64"},"modified":"2017-07-17T01:44:00","modified_gmt":"2017-07-16T23:44:00","slug":"was-bisher-geschah","status":"publish","type":"page","link":"https:\/\/krimispass.ch\/krimiinabox\/?page_id=64","title":{"rendered":"Was bisher geschah"},"content":{"rendered":"<p><img loading=\"lazy\" decoding=\"async\" class=\"alignright size-medium wp-image-936\" alt=\"Krimi in a Box\" src=\"https:\/\/krimispass.ch\/krimiinabox\/wp-content\/uploads\/2013\/12\/Krimi_in_a_Box_transparent-300x199.png\" width=\"300\" height=\"199\" srcset=\"https:\/\/krimispass.ch\/krimiinabox\/wp-content\/uploads\/2013\/12\/Krimi_in_a_Box_transparent-300x199.png 300w, https:\/\/krimispass.ch\/krimiinabox\/wp-content\/uploads\/2013\/12\/Krimi_in_a_Box_transparent-1024x682.png 1024w, https:\/\/krimispass.ch\/krimiinabox\/wp-content\/uploads\/2013\/12\/Krimi_in_a_Box_transparent.png 1688w\" sizes=\"auto, (max-width: 300px) 100vw, 300px\" \/><strong>Kehrsatz, ein unscheinbarer Vorort von Bern.\u00a0Hier geschah vor einigen Monaten ein r\u00e4tselhaftes Verbrechen, das noch heute f\u00fcr\u00a0Gespr\u00e4chsstoff an den Stammtischen in der ganzen Region sorgt.<\/strong><\/p>\n<p>Machen Sie sich mit den bisherigen Geschehnissen im\u00a0Fall \u201cPaul S.\u201d vertraut, um sich eine m\u00f6glichst gute Ausgangslage f\u00fcr Ihre Ermittlungen zu verschaffen.<span style=\"line-height: 1.5em;\">\u00a0<\/span><\/p>\n<p>&nbsp;<\/p>\n<h5><img loading=\"lazy\" decoding=\"async\" class=\"alignleft size-medium wp-image-271\" alt=\"Paul S.\" src=\"https:\/\/krimispass.ch\/krimiinabox\/wp-content\/uploads\/2013\/12\/Paul_S-200x300.jpg\" width=\"200\" height=\"300\" srcset=\"https:\/\/krimispass.ch\/krimiinabox\/wp-content\/uploads\/2013\/12\/Paul_S-200x300.jpg 200w, https:\/\/krimispass.ch\/krimiinabox\/wp-content\/uploads\/2013\/12\/Paul_S.jpg 283w\" sizes=\"auto, (max-width: 200px) 100vw, 200px\" \/>Der Mord<\/h5>\n<p>Paul S. war ein umtriebiger Gesch\u00e4ftsmann aus Kehrsatz. Er handelte mit antiken M\u00f6beln, eine alte Industriehalle im Ort diente ihm als Lager und\u00a0Umschlagplatz. Paul S. war im Dorf bestens bekannt, allerdings stand es um seinen Ruf seit l\u00e4ngerer Zeit nicht mehr allzu gut. In den Stuben und auf den Strassen von Kehrsatz wurde hinter vorgehaltener Hand \u00fcber ihn gesprochen. Er soll immer wieder Kunden \u00fcber den Tisch gezogen haben. Ausserdem pflege er Verbindungen zur Mafia in Norditalien, hiess es.<\/p>\n<p>An einem regnerischen Morgen meldete sich die Ehefrau von Paul S. bei der Polizei. Ihr Mann sei gestern Abend nicht nach Hause gekommen. Ausserdem\u00a0nehme er\u00a0sein Mobiltelefon nicht ab, was \u00e4usserst ungew\u00f6hnlich sei. Drei Tage sp\u00e4ter fanden zwei Spazierg\u00e4nger in einem kleinen Waldst\u00fcck bei Kehrsatz eine m\u00e4nnliche Leiche. Es handelte sich um Paul S.<\/p>\n<p>Von der Tatwaffe fehlt bis heute jede Spur. Der silbergraue Mercedes des Opfers stand einige Meter vom Tatort entfernt auf einem \u00f6ffentlichen Parkplatz. Die Polizei geht davon aus, dass Paul S. in der Tatnacht mit seinem Wagen zu dem Wald fuhr. Die Ermittler vermuten, dass er sich dort mit jemandem verabredet hatte. Wer diese Person sein k\u00f6nnte und ob es sich um den sp\u00e4teren M\u00f6rder von Paul S. handelt, dar\u00fcber kann nur spekuliert werden.<\/p>\n<p>&nbsp;<\/p>\n<h5>Der Obduktionsbericht<\/h5>\n<p><img decoding=\"async\" class=\"alignright  wp-image-511\" alt=\"Leiche\" src=\"https:\/\/krimispass.ch\/krimiinabox\/wp-content\/uploads\/2013\/12\/Leiche-300x200.jpg\" width=\"240\" srcset=\"https:\/\/krimispass.ch\/krimiinabox\/wp-content\/uploads\/2013\/12\/Leiche-300x200.jpg 300w, https:\/\/krimispass.ch\/krimiinabox\/wp-content\/uploads\/2013\/12\/Leiche.jpg 424w\" sizes=\"(max-width: 300px) 100vw, 300px\" \/>Die Leiche von Paul S. wurde in der Folge an das Gerichtsmedizinische Institut in Bern \u00fcberf\u00fchrt. Der Obduktionsbericht wurde der zust\u00e4ndigen Untersuchungsbeh\u00f6rde bereits zwei Tage sp\u00e4ter zugestellt. Dem Bericht zu Folge wurde Paul S. mit einem spitzen Gegenstand get\u00f6tet. Sehr wahrscheinlich handelte es sich dabei um ein Messer. An der Leiche konnten mehrere Stichwunden im Brust- und Magenbereich festgestellt werden. Der Bericht h\u00e4lt weiter fest, dass die t\u00f6dlichen Verletzungen\u00a0dem Opfer\u00a0zugef\u00fcgt wurden, als dieses am\u00a0Boden lag.\u00a0Der T\u00e4ter oder die T\u00e4terin hielt die Tatwaffe dabei in der rechten Hand. Dies konnte auf Grund der Wunden eindeutig rekonstruiert werden. Weiter fand man an der Leiche Spuren eines Kampfes. Offenbar hat sich Paul S. heftig zur Wehr gesetzt. Am Hals der Leiche konnten\u00a0zudem Bluterg\u00fcsse festgestellt werden die darauf hindeuten, dass das Opfer w\u00e4hrend mehreren Sekunden gew\u00fcrgt wurde. Verwertbare Fingerabdr\u00fccke konnten leider keine sichergestellt werden. Der Gerichtsmediziner h\u00e4lt lediglich fest, dass auch der W\u00fcrgegriff am Hals des Opfers mit der rechten Hand erfolgte.<\/p>\n<p>&nbsp;<\/p>\n<h5><img loading=\"lazy\" decoding=\"async\" class=\"alignleft size-medium wp-image-355\" alt=\"Armin P.\" src=\"https:\/\/krimispass.ch\/krimiinabox\/wp-content\/uploads\/2013\/12\/Armin_P-200x300.jpg\" width=\"200\" height=\"300\" srcset=\"https:\/\/krimispass.ch\/krimiinabox\/wp-content\/uploads\/2013\/12\/Armin_P-200x300.jpg 200w, https:\/\/krimispass.ch\/krimiinabox\/wp-content\/uploads\/2013\/12\/Armin_P.jpg 283w\" sizes=\"auto, (max-width: 200px) 100vw, 200px\" \/>Die Ermittlungen<\/h5>\n<p>Der Mord sorgte in der ganzen Region f\u00fcr grosses Aufsehen. In den darauffolgenden Wochen war die Kriminalpolizei mit einem Grossaufgebot in Kehrsatz pr\u00e4sent. An duzenden von <a title=\"Die Schaupl\u00e4tze\" href=\"https:\/\/krimispass.ch\/krimiinabox\/?page_id=68\">\u00d6rtlichkeiten im Dorf<\/a> wurde jeder Stein umgedreht und\u00a0unz\u00e4hlige\u00a0Zeugenbefragungen durchgef\u00fchrt.\u00a0Nennenswerte Ergebnisse blieben aus. Zwar konnte der <a title=\"Die Verd\u00e4chtigen\" href=\"https:\/\/krimispass.ch\/krimiinabox\/?page_id=66\">Kreis der Verd\u00e4chtigen<\/a>\u00a0im Laufe der Ermittlungen auf f\u00fcnf Personen reduziert werden, ein dringender Tatverdacht erh\u00e4rtete sich jedoch gegen keine der Personen. Jede von ihnen scheint ein wasserdichtes Alibi zu haben, oder sie kommen aus irgendwelchen anderen Gr\u00fcnden scheinbar nicht als T\u00e4ter in Frage.<\/p>\n<p>Weil die Polizei bei den Ermittlungen nicht weiterkommt, wurden nun Sie von der Familie des Opfers engagiert. Sie schl\u00fcpfen in die Rolle eines Privatdetektivs und recherchieren auf eigene Faust. Viel Erfolg!<\/p>\n<p>&nbsp;<\/p>\n<h5>Lesen Sie auch<\/h5>\n<p><a title=\"Die Verd\u00e4chtigen\" href=\"https:\/\/krimispass.ch\/krimiinabox\/?page_id=66\">Die Verd\u00e4chtigen<\/a><br \/>\n<a title=\"Die Schaupl\u00e4tze\" href=\"https:\/\/krimispass.ch\/krimiinabox\/?page_id=68\">Die Schaupl\u00e4tze<\/a><br \/>\n<a title=\"Spielanleitung\" href=\"https:\/\/krimispass.ch\/krimiinabox\/?page_id=75\">Spielanleitung<\/a><\/p>\n<p>&nbsp;<\/p>\n","protected":false},"excerpt":{"rendered":"<p>Kehrsatz, ein unscheinbarer Vorort von Bern.\u00a0Hier geschah vor einigen Monaten ein r\u00e4tselhaftes Verbrechen, das noch heute f\u00fcr\u00a0Gespr\u00e4chsstoff an den Stammtischen in der ganzen Region sorgt. Machen Sie sich mit den bisherigen Geschehnissen im\u00a0Fall \u201cPaul S.\u201d vertraut, um sich eine m\u00f6glichst gute Ausgangslage f\u00fcr Ihre Ermittlungen zu verschaffen.\u00a0 &nbsp; Der Mord Paul S. war ein umtriebiger [&hellip;]<\/p>\n","protected":false},"author":1,"featured_media":0,"parent":0,"menu_order":1,"comment_status":"closed","ping_status":"closed","template":"","meta":{"content-type":"","footnotes":""},"class_list":["post-64","page","type-page","status-publish","hentry"],"yoast_head":"<!-- This site is optimized with the Yoast SEO plugin v24.5 - https:\/\/yoast.com\/wordpress\/plugins\/seo\/ -->\n<title>Was bisher geschah | Krimi in a Box<\/title>\n<meta name=\"robots\" content=\"noindex, follow, max-snippet:-1, max-image-preview:large, max-video-preview:-1\" \/>\n<meta property=\"og:locale\" content=\"de_DE\" \/>\n<meta property=\"og:type\" content=\"article\" \/>\n<meta property=\"og:title\" content=\"Was bisher geschah | Krimi in a Box\" \/>\n<meta property=\"og:description\" content=\"Kehrsatz, ein unscheinbarer Vorort von Bern.\u00a0Hier geschah vor einigen Monaten ein r\u00e4tselhaftes Verbrechen, das noch heute f\u00fcr\u00a0Gespr\u00e4chsstoff an den Stammtischen in der ganzen Region sorgt. Machen Sie sich mit den bisherigen Geschehnissen im\u00a0Fall \u201cPaul S.\u201d vertraut, um sich eine m\u00f6glichst gute Ausgangslage f\u00fcr Ihre Ermittlungen zu verschaffen.\u00a0 &nbsp; Der Mord Paul S. war ein umtriebiger [&hellip;]\" \/>\n<meta property=\"og:url\" content=\"https:\/\/krimispass.ch\/krimiinabox\/?page_id=64\" \/>\n<meta property=\"og:site_name\" content=\"Krimi in a Box\" \/>\n<meta property=\"article:modified_time\" content=\"2017-07-16T23:44:00+00:00\" \/>\n<meta property=\"og:image\" content=\"https:\/\/krimispass.ch\/krimiinabox\/wp-content\/uploads\/2013\/12\/Krimi_in_a_Box_transparent-300x199.png\" \/>\n<meta name=\"twitter:card\" content=\"summary_large_image\" \/>\n<meta name=\"twitter:label1\" content=\"Gesch\u00e4tzte Lesezeit\" \/>\n\t<meta name=\"twitter:data1\" content=\"3\u00a0Minuten\" \/>\n<script type=\"application\/ld+json\" class=\"yoast-schema-graph\">{\"@context\":\"https:\/\/schema.org\",\"@graph\":[{\"@type\":\"WebPage\",\"@id\":\"https:\/\/krimispass.ch\/krimiinabox\/?page_id=64\",\"url\":\"https:\/\/krimispass.ch\/krimiinabox\/?page_id=64\",\"name\":\"Was bisher geschah | Krimi in a Box\",\"isPartOf\":{\"@id\":\"https:\/\/krimispass.ch\/krimiinabox\/#website\"},\"primaryImageOfPage\":{\"@id\":\"https:\/\/krimispass.ch\/krimiinabox\/?page_id=64#primaryimage\"},\"image\":{\"@id\":\"https:\/\/krimispass.ch\/krimiinabox\/?page_id=64#primaryimage\"},\"thumbnailUrl\":\"https:\/\/krimispass.ch\/krimiinabox\/wp-content\/uploads\/2013\/12\/Krimi_in_a_Box_transparent-300x199.png\",\"datePublished\":\"2013-12-13T15:39:15+00:00\",\"dateModified\":\"2017-07-16T23:44:00+00:00\",\"breadcrumb\":{\"@id\":\"https:\/\/krimispass.ch\/krimiinabox\/?page_id=64#breadcrumb\"},\"inLanguage\":\"de\",\"potentialAction\":[{\"@type\":\"ReadAction\",\"target\":[\"https:\/\/krimispass.ch\/krimiinabox\/?page_id=64\"]}]},{\"@type\":\"ImageObject\",\"inLanguage\":\"de\",\"@id\":\"https:\/\/krimispass.ch\/krimiinabox\/?page_id=64#primaryimage\",\"url\":\"https:\/\/krimispass.ch\/krimiinabox\/wp-content\/uploads\/2013\/12\/Krimi_in_a_Box_transparent.png\",\"contentUrl\":\"https:\/\/krimispass.ch\/krimiinabox\/wp-content\/uploads\/2013\/12\/Krimi_in_a_Box_transparent.png\",\"width\":1688,\"height\":1125},{\"@type\":\"BreadcrumbList\",\"@id\":\"https:\/\/krimispass.ch\/krimiinabox\/?page_id=64#breadcrumb\",\"itemListElement\":[{\"@type\":\"ListItem\",\"position\":1,\"name\":\"Startseite\",\"item\":\"https:\/\/krimispass.ch\/krimiinabox\/\"},{\"@type\":\"ListItem\",\"position\":2,\"name\":\"Was bisher geschah\"}]},{\"@type\":\"WebSite\",\"@id\":\"https:\/\/krimispass.ch\/krimiinabox\/#website\",\"url\":\"https:\/\/krimispass.ch\/krimiinabox\/\",\"name\":\"Krimi in a Box\",\"description\":\"Ein m\u00f6rderisches Outdoor-Abenteuer\",\"potentialAction\":[{\"@type\":\"SearchAction\",\"target\":{\"@type\":\"EntryPoint\",\"urlTemplate\":\"https:\/\/krimispass.ch\/krimiinabox\/?s={search_term_string}\"},\"query-input\":{\"@type\":\"PropertyValueSpecification\",\"valueRequired\":true,\"valueName\":\"search_term_string\"}}],\"inLanguage\":\"de\"}]}<\/script>\n<!-- \/ Yoast SEO plugin. -->","yoast_head_json":{"title":"Was bisher geschah | Krimi in a Box","robots":{"index":"noindex","follow":"follow","max-snippet":"max-snippet:-1","max-image-preview":"max-image-preview:large","max-video-preview":"max-video-preview:-1"},"og_locale":"de_DE","og_type":"article","og_title":"Was bisher geschah | Krimi in a Box","og_description":"Kehrsatz, ein unscheinbarer Vorort von Bern.\u00a0Hier geschah vor einigen Monaten ein r\u00e4tselhaftes Verbrechen, das noch heute f\u00fcr\u00a0Gespr\u00e4chsstoff an den Stammtischen in der ganzen Region sorgt. Machen Sie sich mit den bisherigen Geschehnissen im\u00a0Fall \u201cPaul S.\u201d vertraut, um sich eine m\u00f6glichst gute Ausgangslage f\u00fcr Ihre Ermittlungen zu verschaffen.\u00a0 &nbsp; Der Mord Paul S. war ein umtriebiger [&hellip;]","og_url":"https:\/\/krimispass.ch\/krimiinabox\/?page_id=64","og_site_name":"Krimi in a Box","article_modified_time":"2017-07-16T23:44:00+00:00","og_image":[{"url":"https:\/\/krimispass.ch\/krimiinabox\/wp-content\/uploads\/2013\/12\/Krimi_in_a_Box_transparent-300x199.png","type":"","width":"","height":""}],"twitter_card":"summary_large_image","twitter_misc":{"Gesch\u00e4tzte Lesezeit":"3\u00a0Minuten"},"schema":{"@context":"https:\/\/schema.org","@graph":[{"@type":"WebPage","@id":"https:\/\/krimispass.ch\/krimiinabox\/?page_id=64","url":"https:\/\/krimispass.ch\/krimiinabox\/?page_id=64","name":"Was bisher geschah | Krimi in a Box","isPartOf":{"@id":"https:\/\/krimispass.ch\/krimiinabox\/#website"},"primaryImageOfPage":{"@id":"https:\/\/krimispass.ch\/krimiinabox\/?page_id=64#primaryimage"},"image":{"@id":"https:\/\/krimispass.ch\/krimiinabox\/?page_id=64#primaryimage"},"thumbnailUrl":"https:\/\/krimispass.ch\/krimiinabox\/wp-content\/uploads\/2013\/12\/Krimi_in_a_Box_transparent-300x199.png","datePublished":"2013-12-13T15:39:15+00:00","dateModified":"2017-07-16T23:44:00+00:00","breadcrumb":{"@id":"https:\/\/krimispass.ch\/krimiinabox\/?page_id=64#breadcrumb"},"inLanguage":"de","potentialAction":[{"@type":"ReadAction","target":["https:\/\/krimispass.ch\/krimiinabox\/?page_id=64"]}]},{"@type":"ImageObject","inLanguage":"de","@id":"https:\/\/krimispass.ch\/krimiinabox\/?page_id=64#primaryimage","url":"https:\/\/krimispass.ch\/krimiinabox\/wp-content\/uploads\/2013\/12\/Krimi_in_a_Box_transparent.png","contentUrl":"https:\/\/krimispass.ch\/krimiinabox\/wp-content\/uploads\/2013\/12\/Krimi_in_a_Box_transparent.png","width":1688,"height":1125},{"@type":"BreadcrumbList","@id":"https:\/\/krimispass.ch\/krimiinabox\/?page_id=64#breadcrumb","itemListElement":[{"@type":"ListItem","position":1,"name":"Startseite","item":"https:\/\/krimispass.ch\/krimiinabox\/"},{"@type":"ListItem","position":2,"name":"Was bisher geschah"}]},{"@type":"WebSite","@id":"https:\/\/krimispass.ch\/krimiinabox\/#website","url":"https:\/\/krimispass.ch\/krimiinabox\/","name":"Krimi in a Box","description":"Ein m\u00f6rderisches Outdoor-Abenteuer","potentialAction":[{"@type":"SearchAction","target":{"@type":"EntryPoint","urlTemplate":"https:\/\/krimispass.ch\/krimiinabox\/?s={search_term_string}"},"query-input":{"@type":"PropertyValueSpecification","valueRequired":true,"valueName":"search_term_string"}}],"inLanguage":"de"}]}},"_links":{"self":[{"href":"https:\/\/krimispass.ch\/krimiinabox\/index.php?rest_route=\/wp\/v2\/pages\/64","targetHints":{"allow":["GET"]}}],"collection":[{"href":"https:\/\/krimispass.ch\/krimiinabox\/index.php?rest_route=\/wp\/v2\/pages"}],"about":[{"href":"https:\/\/krimispass.ch\/krimiinabox\/index.php?rest_route=\/wp\/v2\/types\/page"}],"author":[{"embeddable":true,"href":"https:\/\/krimispass.ch\/krimiinabox\/index.php?rest_route=\/wp\/v2\/users\/1"}],"replies":[{"embeddable":true,"href":"https:\/\/krimispass.ch\/krimiinabox\/index.php?rest_route=%2Fwp%2Fv2%2Fcomments&post=64"}],"version-history":[{"count":0,"href":"https:\/\/krimispass.ch\/krimiinabox\/index.php?rest_route=\/wp\/v2\/pages\/64\/revisions"}],"wp:attachment":[{"href":"https:\/\/krimispass.ch\/krimiinabox\/index.php?rest_route=%2Fwp%2Fv2%2Fmedia&parent=64"}],"curies":[{"name":"wp","href":"https:\/\/api.w.org\/{rel}","templated":true}]}}