{"id":2569,"date":"2015-05-02T12:33:54","date_gmt":"2015-05-02T10:33:54","guid":{"rendered":"https:\/\/krimispass.ch\/krimiinabox\/?page_id=2569"},"modified":"2023-07-02T12:30:45","modified_gmt":"2023-07-02T10:30:45","slug":"hilfe","status":"publish","type":"page","link":"https:\/\/krimispass.ch\/krimiinabox\/?page_id=2569","title":{"rendered":"Hilfe"},"content":{"rendered":"<p><img loading=\"lazy\" decoding=\"async\" class=\"alignright size-medium wp-image-936\" src=\"https:\/\/krimispass.ch\/krimiinabox\/wp-content\/uploads\/2013\/12\/Krimi_in_a_Box_transparent-300x199.png\" alt=\"Krimi in a Box\" width=\"300\" height=\"199\" srcset=\"https:\/\/krimispass.ch\/krimiinabox\/wp-content\/uploads\/2013\/12\/Krimi_in_a_Box_transparent-300x199.png 300w, https:\/\/krimispass.ch\/krimiinabox\/wp-content\/uploads\/2013\/12\/Krimi_in_a_Box_transparent-1024x682.png 1024w, https:\/\/krimispass.ch\/krimiinabox\/wp-content\/uploads\/2013\/12\/Krimi_in_a_Box_transparent.png 1688w\" sizes=\"auto, (max-width: 300px) 100vw, 300px\" \/><strong>Sind Ihre Ermittlungen ins Stocken geraten? Auf dieser Seite bekommen Sie Hilfe, wenn es Probleme bei der Detektivarbeit gibt.<\/strong><\/p>\n<p>Haben Sie Fragen zum Spiel oder ein anderes Anliegen? Gerne d\u00fcrfen Sie sich via <a href=\"https:\/\/krimispass.ch\/chat\" rel=\"noopener\" target=\"_blank\">Support-Chat<\/a> oder \u00fcber das <a href=\"https:\/\/krimispass.ch\/kontakt&#038;krimiinabox\" rel=\"noopener\" target=\"_blank\">Kontaktformular<\/a> an uns wenden. Wir helfen Ihnen gerne weiter.<\/p>\n<p>Antworten auf die h\u00e4ufigsten Fragen finden Sie \u00fcbrigens im <a href=\"https:\/\/krimispass.ch\/swiss\/faq\/faq-krimiinabox\" rel=\"noopener\" target=\"_blank\">FAQ-Bereich<\/a>.<\/p>\n<p>&nbsp;<\/p>\n<h5>Finden Sie einen Hinweis nicht?<\/h5>\n<p>Ist ein Hinweis zur Freischaltung eines Schauplatzes nicht auffindbar, nicht lesbar oder nicht zug\u00e4nglich, unterst\u00fctzt Sie der automatische Hilfe-Assistent.<\/p>\n<p><img loading=\"lazy\" decoding=\"async\" src=\"https:\/\/krimispass.ch\/krimiinabox\/wp-content\/uploads\/2018\/08\/smartphone.png\" alt=\"Smartphone\" width=\"200\" height=\"312\" class=\"alignleft size-full wp-image-4099\" srcset=\"https:\/\/krimispass.ch\/krimiinabox\/wp-content\/uploads\/2018\/08\/smartphone.png 200w, https:\/\/krimispass.ch\/krimiinabox\/wp-content\/uploads\/2018\/08\/smartphone-192x300.png 192w\" sizes=\"auto, (max-width: 200px) 100vw, 200px\" \/>Senden Sie eine SMS an die Nummer <strong>+41 (0)79 807 25 00<\/strong>, nennen Sie den <strong>exakten Namen<\/strong> des betroffenen Schauplatzes und schildern Sie kurz das vorliegende <strong>Problem<\/strong>.<\/p>\n<p><strong>Beispiel:<\/strong><br \/>\n<em>Schauplatz \u201cParkplatz beim K\u00f6niztal\u201d wegen Baustelle nicht zug\u00e4nglich.<\/em><\/p>\n<p>&nbsp;<br \/>\nSie erhalten umgehend eine SMS mit dem fehlenden Passwort. So k\u00f6nnen Sie Ihre Ermittlungen trotzdem fortsetzen.<\/p>\n<p><strong>Dieser Service ist kostenlos. Die SMS l\u00f6sen f\u00fcr uns aber Geb\u00fchren aus. Besten Dank, dass Sie den Assistenten nur bei effektivem Bedarf nutzen.<\/strong><\/p>\n<p>&nbsp;<br \/>\n&nbsp;<br \/>\n<strong>Rechtlicher Hinweis:<\/strong><br \/>\nDie SMS werden \u00fcber den Online-Dienst <a href=\"https:\/\/twilio.com\" rel=\"noopener\" target=\"_blank\">Twilio<\/a> versendet. Unter <a href=\"https:\/\/www.twilio.com\/legal\/privacy\" rel=\"noopener\" target=\"_blank\">diesem Link<\/a> finden Sie die Datenschutzbestimmungen von Twilio.<\/p>\n<p>&nbsp;<\/p>\n","protected":false},"excerpt":{"rendered":"<p>Sind Ihre Ermittlungen ins Stocken geraten? Auf dieser Seite bekommen Sie Hilfe, wenn es Probleme bei der Detektivarbeit gibt. Haben Sie Fragen zum Spiel oder ein anderes Anliegen? Gerne d\u00fcrfen Sie sich via Support-Chat oder \u00fcber das Kontaktformular an uns wenden. Wir helfen Ihnen gerne weiter. Antworten auf die h\u00e4ufigsten Fragen finden Sie \u00fcbrigens im [&hellip;]<\/p>\n","protected":false},"author":1,"featured_media":0,"parent":0,"menu_order":5,"comment_status":"closed","ping_status":"closed","template":"","meta":{"content-type":"","footnotes":""},"class_list":["post-2569","page","type-page","status-publish","hentry"],"yoast_head":"<!-- This site is optimized with the Yoast SEO plugin v24.5 - https:\/\/yoast.com\/wordpress\/plugins\/seo\/ -->\n<title>Hilfe | Krimi in a Box<\/title>\n<meta name=\"robots\" content=\"noindex, follow, max-snippet:-1, max-image-preview:large, max-video-preview:-1\" \/>\n<meta property=\"og:locale\" content=\"de_DE\" \/>\n<meta property=\"og:type\" content=\"article\" \/>\n<meta property=\"og:title\" content=\"Hilfe | Krimi in a Box\" \/>\n<meta property=\"og:description\" content=\"Sind Ihre Ermittlungen ins Stocken geraten? Auf dieser Seite bekommen Sie Hilfe, wenn es Probleme bei der Detektivarbeit gibt. Haben Sie Fragen zum Spiel oder ein anderes Anliegen? Gerne d\u00fcrfen Sie sich via Support-Chat oder \u00fcber das Kontaktformular an uns wenden. Wir helfen Ihnen gerne weiter. Antworten auf die h\u00e4ufigsten Fragen finden Sie \u00fcbrigens im [&hellip;]\" \/>\n<meta property=\"og:url\" content=\"https:\/\/krimispass.ch\/krimiinabox\/?page_id=2569\" \/>\n<meta property=\"og:site_name\" content=\"Krimi in a Box\" \/>\n<meta property=\"article:modified_time\" content=\"2023-07-02T10:30:45+00:00\" \/>\n<meta property=\"og:image\" content=\"https:\/\/krimispass.ch\/krimiinabox\/wp-content\/uploads\/2013\/12\/Krimi_in_a_Box_transparent-300x199.png\" \/>\n<meta name=\"twitter:card\" content=\"summary_large_image\" \/>\n<meta name=\"twitter:label1\" content=\"Gesch\u00e4tzte Lesezeit\" \/>\n\t<meta name=\"twitter:data1\" content=\"2\u00a0Minuten\" \/>\n<script type=\"application\/ld+json\" class=\"yoast-schema-graph\">{\"@context\":\"https:\/\/schema.org\",\"@graph\":[{\"@type\":\"WebPage\",\"@id\":\"https:\/\/krimispass.ch\/krimiinabox\/?page_id=2569\",\"url\":\"https:\/\/krimispass.ch\/krimiinabox\/?page_id=2569\",\"name\":\"Hilfe | Krimi in a Box\",\"isPartOf\":{\"@id\":\"https:\/\/krimispass.ch\/krimiinabox\/#website\"},\"primaryImageOfPage\":{\"@id\":\"https:\/\/krimispass.ch\/krimiinabox\/?page_id=2569#primaryimage\"},\"image\":{\"@id\":\"https:\/\/krimispass.ch\/krimiinabox\/?page_id=2569#primaryimage\"},\"thumbnailUrl\":\"https:\/\/krimispass.ch\/krimiinabox\/wp-content\/uploads\/2013\/12\/Krimi_in_a_Box_transparent-300x199.png\",\"datePublished\":\"2015-05-02T10:33:54+00:00\",\"dateModified\":\"2023-07-02T10:30:45+00:00\",\"breadcrumb\":{\"@id\":\"https:\/\/krimispass.ch\/krimiinabox\/?page_id=2569#breadcrumb\"},\"inLanguage\":\"de\",\"potentialAction\":[{\"@type\":\"ReadAction\",\"target\":[\"https:\/\/krimispass.ch\/krimiinabox\/?page_id=2569\"]}]},{\"@type\":\"ImageObject\",\"inLanguage\":\"de\",\"@id\":\"https:\/\/krimispass.ch\/krimiinabox\/?page_id=2569#primaryimage\",\"url\":\"https:\/\/krimispass.ch\/krimiinabox\/wp-content\/uploads\/2013\/12\/Krimi_in_a_Box_transparent.png\",\"contentUrl\":\"https:\/\/krimispass.ch\/krimiinabox\/wp-content\/uploads\/2013\/12\/Krimi_in_a_Box_transparent.png\",\"width\":1688,\"height\":1125},{\"@type\":\"BreadcrumbList\",\"@id\":\"https:\/\/krimispass.ch\/krimiinabox\/?page_id=2569#breadcrumb\",\"itemListElement\":[{\"@type\":\"ListItem\",\"position\":1,\"name\":\"Startseite\",\"item\":\"https:\/\/krimispass.ch\/krimiinabox\/\"},{\"@type\":\"ListItem\",\"position\":2,\"name\":\"Hilfe\"}]},{\"@type\":\"WebSite\",\"@id\":\"https:\/\/krimispass.ch\/krimiinabox\/#website\",\"url\":\"https:\/\/krimispass.ch\/krimiinabox\/\",\"name\":\"Krimi in a Box\",\"description\":\"Ein m\u00f6rderisches Outdoor-Abenteuer\",\"potentialAction\":[{\"@type\":\"SearchAction\",\"target\":{\"@type\":\"EntryPoint\",\"urlTemplate\":\"https:\/\/krimispass.ch\/krimiinabox\/?s={search_term_string}\"},\"query-input\":{\"@type\":\"PropertyValueSpecification\",\"valueRequired\":true,\"valueName\":\"search_term_string\"}}],\"inLanguage\":\"de\"}]}<\/script>\n<!-- \/ Yoast SEO plugin. -->","yoast_head_json":{"title":"Hilfe | Krimi in a Box","robots":{"index":"noindex","follow":"follow","max-snippet":"max-snippet:-1","max-image-preview":"max-image-preview:large","max-video-preview":"max-video-preview:-1"},"og_locale":"de_DE","og_type":"article","og_title":"Hilfe | Krimi in a Box","og_description":"Sind Ihre Ermittlungen ins Stocken geraten? Auf dieser Seite bekommen Sie Hilfe, wenn es Probleme bei der Detektivarbeit gibt. Haben Sie Fragen zum Spiel oder ein anderes Anliegen? Gerne d\u00fcrfen Sie sich via Support-Chat oder \u00fcber das Kontaktformular an uns wenden. Wir helfen Ihnen gerne weiter. Antworten auf die h\u00e4ufigsten Fragen finden Sie \u00fcbrigens im [&hellip;]","og_url":"https:\/\/krimispass.ch\/krimiinabox\/?page_id=2569","og_site_name":"Krimi in a Box","article_modified_time":"2023-07-02T10:30:45+00:00","og_image":[{"url":"https:\/\/krimispass.ch\/krimiinabox\/wp-content\/uploads\/2013\/12\/Krimi_in_a_Box_transparent-300x199.png","type":"","width":"","height":""}],"twitter_card":"summary_large_image","twitter_misc":{"Gesch\u00e4tzte Lesezeit":"2\u00a0Minuten"},"schema":{"@context":"https:\/\/schema.org","@graph":[{"@type":"WebPage","@id":"https:\/\/krimispass.ch\/krimiinabox\/?page_id=2569","url":"https:\/\/krimispass.ch\/krimiinabox\/?page_id=2569","name":"Hilfe | Krimi in a Box","isPartOf":{"@id":"https:\/\/krimispass.ch\/krimiinabox\/#website"},"primaryImageOfPage":{"@id":"https:\/\/krimispass.ch\/krimiinabox\/?page_id=2569#primaryimage"},"image":{"@id":"https:\/\/krimispass.ch\/krimiinabox\/?page_id=2569#primaryimage"},"thumbnailUrl":"https:\/\/krimispass.ch\/krimiinabox\/wp-content\/uploads\/2013\/12\/Krimi_in_a_Box_transparent-300x199.png","datePublished":"2015-05-02T10:33:54+00:00","dateModified":"2023-07-02T10:30:45+00:00","breadcrumb":{"@id":"https:\/\/krimispass.ch\/krimiinabox\/?page_id=2569#breadcrumb"},"inLanguage":"de","potentialAction":[{"@type":"ReadAction","target":["https:\/\/krimispass.ch\/krimiinabox\/?page_id=2569"]}]},{"@type":"ImageObject","inLanguage":"de","@id":"https:\/\/krimispass.ch\/krimiinabox\/?page_id=2569#primaryimage","url":"https:\/\/krimispass.ch\/krimiinabox\/wp-content\/uploads\/2013\/12\/Krimi_in_a_Box_transparent.png","contentUrl":"https:\/\/krimispass.ch\/krimiinabox\/wp-content\/uploads\/2013\/12\/Krimi_in_a_Box_transparent.png","width":1688,"height":1125},{"@type":"BreadcrumbList","@id":"https:\/\/krimispass.ch\/krimiinabox\/?page_id=2569#breadcrumb","itemListElement":[{"@type":"ListItem","position":1,"name":"Startseite","item":"https:\/\/krimispass.ch\/krimiinabox\/"},{"@type":"ListItem","position":2,"name":"Hilfe"}]},{"@type":"WebSite","@id":"https:\/\/krimispass.ch\/krimiinabox\/#website","url":"https:\/\/krimispass.ch\/krimiinabox\/","name":"Krimi in a Box","description":"Ein m\u00f6rderisches Outdoor-Abenteuer","potentialAction":[{"@type":"SearchAction","target":{"@type":"EntryPoint","urlTemplate":"https:\/\/krimispass.ch\/krimiinabox\/?s={search_term_string}"},"query-input":{"@type":"PropertyValueSpecification","valueRequired":true,"valueName":"search_term_string"}}],"inLanguage":"de"}]}},"_links":{"self":[{"href":"https:\/\/krimispass.ch\/krimiinabox\/index.php?rest_route=\/wp\/v2\/pages\/2569","targetHints":{"allow":["GET"]}}],"collection":[{"href":"https:\/\/krimispass.ch\/krimiinabox\/index.php?rest_route=\/wp\/v2\/pages"}],"about":[{"href":"https:\/\/krimispass.ch\/krimiinabox\/index.php?rest_route=\/wp\/v2\/types\/page"}],"author":[{"embeddable":true,"href":"https:\/\/krimispass.ch\/krimiinabox\/index.php?rest_route=\/wp\/v2\/users\/1"}],"replies":[{"embeddable":true,"href":"https:\/\/krimispass.ch\/krimiinabox\/index.php?rest_route=%2Fwp%2Fv2%2Fcomments&post=2569"}],"version-history":[{"count":5,"href":"https:\/\/krimispass.ch\/krimiinabox\/index.php?rest_route=\/wp\/v2\/pages\/2569\/revisions"}],"predecessor-version":[{"id":4404,"href":"https:\/\/krimispass.ch\/krimiinabox\/index.php?rest_route=\/wp\/v2\/pages\/2569\/revisions\/4404"}],"wp:attachment":[{"href":"https:\/\/krimispass.ch\/krimiinabox\/index.php?rest_route=%2Fwp%2Fv2%2Fmedia&parent=2569"}],"curies":[{"name":"wp","href":"https:\/\/api.w.org\/{rel}","templated":true}]}}