{"id":25,"date":"2013-12-13T09:20:13","date_gmt":"2013-12-13T08:20:13","guid":{"rendered":"https:\/\/krimispass.ch\/krimiinabox\/?page_id=25"},"modified":"2023-02-06T07:33:05","modified_gmt":"2023-02-06T06:33:05","slug":"der-fall-paul-s","status":"publish","type":"page","link":"https:\/\/krimispass.ch\/krimiinabox\/","title":{"rendered":"Der Fall \u201cPaul S.\u201d"},"content":{"rendered":"<p><img loading=\"lazy\" decoding=\"async\" class=\"alignright size-medium wp-image-936\" src=\"https:\/\/krimispass.ch\/krimiinabox\/wp-content\/uploads\/2013\/12\/Krimi_in_a_Box_transparent-300x199.png\" alt=\"Krimi in a Box\" width=\"300\" height=\"199\" srcset=\"https:\/\/krimispass.ch\/krimiinabox\/wp-content\/uploads\/2013\/12\/Krimi_in_a_Box_transparent-300x199.png 300w, https:\/\/krimispass.ch\/krimiinabox\/wp-content\/uploads\/2013\/12\/Krimi_in_a_Box_transparent-1024x682.png 1024w, https:\/\/krimispass.ch\/krimiinabox\/wp-content\/uploads\/2013\/12\/Krimi_in_a_Box_transparent.png 1688w\" sizes=\"auto, (max-width: 300px) 100vw, 300px\" \/><\/p>\n<p><strong>\u201cKrimi in a Box\u201d ist das erste interaktive Outdoor-Krimispiel von <a href=\"https:\/\/krimispass.ch\" rel=\"noopener noreferrer\" target=\"_blank\">KrimiSpass.ch<\/a> aus dem Jahr 2014.<\/strong><\/p>\n<p>Lassen Sie sich entf\u00fchren in ein\u00a0spannendes Abenteuer voller R\u00e4tsel, Geheimnisse und\u00a0unerwartete Wendungen.\u00a0Aber\u00a0seien Sie\u00a0gewarnt:\u00a0In diesem Krimi\u00a0ist nichts, wie es scheint.<\/p>\n<p>&nbsp;<br \/>\n&nbsp;<\/p>\n<h5>Trailer<\/h5>\n<p><iframe loading=\"lazy\" src=\"\/\/www.youtube.com\/embed\/ElxhWXYEpYI?rel=0\" width=\"640\" height=\"360\" frameborder=\"0\" allowfullscreen><\/iframe><\/p>\n<p>&nbsp;<\/p>\n<h5>Ein r\u00e4tselhafter Mord<\/h5>\n<p>Kehrsatz, ein\u00a0unscheinbares Dorf in der N\u00e4he von Bern. Vor einigen Monaten wurde dieser Ort Schauplatz eines mysteri\u00f6sen Verbrechens.<\/p>\n<p><img loading=\"lazy\" decoding=\"async\" class=\"size-medium wp-image-271 alignleft\" src=\"https:\/\/krimispass.ch\/krimiinabox\/wp-content\/uploads\/2013\/12\/Paul_S-200x300.jpg\" alt=\"Paul S.\" width=\"200\" height=\"300\" srcset=\"https:\/\/krimispass.ch\/krimiinabox\/wp-content\/uploads\/2013\/12\/Paul_S-200x300.jpg 200w, https:\/\/krimispass.ch\/krimiinabox\/wp-content\/uploads\/2013\/12\/Paul_S.jpg 283w\" sizes=\"auto, (max-width: 200px) 100vw, 200px\" \/>Spazierg\u00e4nger fanden in einem kleinen Waldst\u00fcck die Leiche von Paul S., einem umtriebigen Gesch\u00e4ftsmann aus Kehrsatz. Dieser wurde einige Tage\u00a0zuvor von seiner Ehefrau\u00a0als vermisst gemeldet. Alles deutet darauf hin, dass Paul S. ermordet wurde.<\/p>\n<p>Aber wer k\u00f6nnte diese schreckliche Tat begangen haben? Hatte Paul S. Feinde? Spielen famili\u00e4re Intrigen eine Rolle oder war Paul S. in schmutzige Gesch\u00e4fte verwickelt? Die Polizei tappt trotz umfangreicher Ermittlungen nach wie vor im Dunkeln. Deshalb bitten die Angeh\u00f6rigen des Mordopfers nun Sie um Ihre Mithilfe. Nehmen Sie die Ermittlungen auf und finden Sie heraus, wer f\u00fcr den Mord an Paul S. verantwortlich ist.<\/p>\n<p>Die Familie des Opfers dankt Ihnen f\u00fcr Ihren Einsatz und w\u00fcnscht bei den Ermittlungen viel Erfolg!<\/p>\n<h5>Die Akten<\/h5>\n<p><a title=\"Was bisher geschah\" href=\"https:\/\/krimispass.ch\/krimiinabox\/?page_id=64\">Was bisher geschah<\/a><br \/>\n<a title=\"Die Verd\u00e4chtigen\" href=\"https:\/\/krimispass.ch\/krimiinabox\/?page_id=66\">Die Verd\u00e4chtigen<\/a><br \/>\n<a title=\"Die Schaupl\u00e4tze\" href=\"https:\/\/krimispass.ch\/krimiinabox\/?page_id=68\">Die Schaupl\u00e4tze<\/a><img loading=\"lazy\" decoding=\"async\" class=\"alignright size-medium wp-image-618\" src=\"https:\/\/krimispass.ch\/krimiinabox\/wp-content\/uploads\/2013\/12\/Detektiv_transparent-200x300.png\" alt=\"Detektiv\" width=\"200\" height=\"300\" srcset=\"https:\/\/krimispass.ch\/krimiinabox\/wp-content\/uploads\/2013\/12\/Detektiv_transparent-200x300.png 200w, https:\/\/krimispass.ch\/krimiinabox\/wp-content\/uploads\/2013\/12\/Detektiv_transparent.png 283w\" sizes=\"auto, (max-width: 200px) 100vw, 200px\" \/><\/p>\n<h5>Das Spiel<\/h5>\n<p>\u201cKrimi in a Box\u201d ist ein einzigartiges Krimi-Erlebnis f\u00fcr Jedermann. Die Teilnahme ist kostenlos und mit keinerlei Verpflichtungen verbunden. Der Krimi kann das ganze Jahr \u00fcber gespielt werden. Sie bestimmen selbst, wie und wann Sie ermitteln. Dabei recherchieren Sie nicht nur im Internet, sondern f\u00fchren Ihre\u00a0Nachforschungen\u00a0auch am\u00a0Ort des Geschehens durch. Ob alleine oder im Team, dieses m\u00f6rderische Abenteuer wird Ihrem Scharfsinn einiges abverlangen.<\/p>\n<p><a title=\"Spielanleitung\" href=\"https:\/\/krimispass.ch\/krimiinabox\/?page_id=75\">Zur Spielanleitung<\/a><\/p>\n","protected":false},"excerpt":{"rendered":"<p>\u201cKrimi in a Box\u201d ist das erste interaktive Outdoor-Krimispiel von KrimiSpass.ch aus dem Jahr 2014. Lassen Sie sich entf\u00fchren in ein\u00a0spannendes Abenteuer voller R\u00e4tsel, Geheimnisse und\u00a0unerwartete Wendungen.\u00a0Aber\u00a0seien Sie\u00a0gewarnt:\u00a0In diesem Krimi\u00a0ist nichts, wie es scheint. &nbsp; &nbsp; Trailer &nbsp; Ein r\u00e4tselhafter Mord Kehrsatz, ein\u00a0unscheinbares Dorf in der N\u00e4he von Bern. Vor einigen Monaten wurde dieser Ort [&hellip;]<\/p>\n","protected":false},"author":1,"featured_media":0,"parent":3599,"menu_order":91,"comment_status":"closed","ping_status":"closed","template":"","meta":{"content-type":"","footnotes":""},"class_list":["post-25","page","type-page","status-publish","hentry"],"yoast_head":"<!-- This site is optimized with the Yoast SEO plugin v24.5 - https:\/\/yoast.com\/wordpress\/plugins\/seo\/ -->\n<title>Krimi in a Box | Ein m\u00f6rderisches Outdoor-Abenteuer<\/title>\n<meta name=\"description\" content=\"\u00abKrimi in a Box\u00bb ist ein kostenloses interaktives Krimi-Erlebnis in Kehrsatz bei Bern, welches mit dem Smartphone gespielt werden kann.\" \/>\n<meta name=\"robots\" content=\"noindex, follow, max-snippet:-1, max-image-preview:large, max-video-preview:-1\" \/>\n<meta property=\"og:locale\" content=\"de_DE\" \/>\n<meta property=\"og:type\" content=\"article\" \/>\n<meta property=\"og:title\" content=\"Krimi in a Box | Ein m\u00f6rderisches Outdoor-Abenteuer\" \/>\n<meta property=\"og:description\" content=\"\u00abKrimi in a Box\u00bb ist ein kostenloses interaktives Krimi-Erlebnis in Kehrsatz bei Bern, welches mit dem Smartphone gespielt werden kann.\" \/>\n<meta property=\"og:url\" content=\"https:\/\/krimispass.ch\/krimiinabox\/\" \/>\n<meta property=\"og:site_name\" content=\"Krimi in a Box\" \/>\n<meta property=\"article:modified_time\" content=\"2023-02-06T06:33:05+00:00\" \/>\n<meta property=\"og:image\" content=\"https:\/\/krimispass.ch\/krimiinabox\/wp-content\/uploads\/2013\/12\/Krimi_in_a_Box_transparent-300x199.png\" \/>\n<meta name=\"twitter:card\" content=\"summary_large_image\" \/>\n<meta name=\"twitter:label1\" content=\"Gesch\u00e4tzte Lesezeit\" \/>\n\t<meta name=\"twitter:data1\" content=\"3\u00a0Minuten\" \/>\n<script type=\"application\/ld+json\" class=\"yoast-schema-graph\">{\"@context\":\"https:\/\/schema.org\",\"@graph\":[{\"@type\":\"WebPage\",\"@id\":\"https:\/\/krimispass.ch\/krimiinabox\/\",\"url\":\"https:\/\/krimispass.ch\/krimiinabox\/\",\"name\":\"Krimi in a Box | Ein m\u00f6rderisches Outdoor-Abenteuer\",\"isPartOf\":{\"@id\":\"https:\/\/krimispass.ch\/krimiinabox\/#website\"},\"primaryImageOfPage\":{\"@id\":\"https:\/\/krimispass.ch\/krimiinabox\/#primaryimage\"},\"image\":{\"@id\":\"https:\/\/krimispass.ch\/krimiinabox\/#primaryimage\"},\"thumbnailUrl\":\"https:\/\/krimispass.ch\/krimiinabox\/wp-content\/uploads\/2013\/12\/Krimi_in_a_Box_transparent-300x199.png\",\"datePublished\":\"2013-12-13T08:20:13+00:00\",\"dateModified\":\"2023-02-06T06:33:05+00:00\",\"description\":\"\u00abKrimi in a Box\u00bb ist ein kostenloses interaktives Krimi-Erlebnis in Kehrsatz bei Bern, welches mit dem Smartphone gespielt werden kann.\",\"breadcrumb\":{\"@id\":\"https:\/\/krimispass.ch\/krimiinabox\/#breadcrumb\"},\"inLanguage\":\"de\",\"potentialAction\":[{\"@type\":\"ReadAction\",\"target\":[\"https:\/\/krimispass.ch\/krimiinabox\/\"]}]},{\"@type\":\"ImageObject\",\"inLanguage\":\"de\",\"@id\":\"https:\/\/krimispass.ch\/krimiinabox\/#primaryimage\",\"url\":\"https:\/\/krimispass.ch\/krimiinabox\/wp-content\/uploads\/2013\/12\/Krimi_in_a_Box_transparent.png\",\"contentUrl\":\"https:\/\/krimispass.ch\/krimiinabox\/wp-content\/uploads\/2013\/12\/Krimi_in_a_Box_transparent.png\",\"width\":1688,\"height\":1125},{\"@type\":\"BreadcrumbList\",\"@id\":\"https:\/\/krimispass.ch\/krimiinabox\/#breadcrumb\",\"itemListElement\":[{\"@type\":\"ListItem\",\"position\":1,\"name\":\"Startseite\",\"item\":\"https:\/\/krimispass.ch\/krimiinabox\/\"},{\"@type\":\"ListItem\",\"position\":2,\"name\":\"Impressum\",\"item\":\"https:\/\/krimispass.ch\/krimiinabox\/?page_id=3599\"},{\"@type\":\"ListItem\",\"position\":3,\"name\":\"Der Fall \u201cPaul S.\u201d\"}]},{\"@type\":\"WebSite\",\"@id\":\"https:\/\/krimispass.ch\/krimiinabox\/#website\",\"url\":\"https:\/\/krimispass.ch\/krimiinabox\/\",\"name\":\"Krimi in a Box\",\"description\":\"Ein m\u00f6rderisches Outdoor-Abenteuer\",\"potentialAction\":[{\"@type\":\"SearchAction\",\"target\":{\"@type\":\"EntryPoint\",\"urlTemplate\":\"https:\/\/krimispass.ch\/krimiinabox\/?s={search_term_string}\"},\"query-input\":{\"@type\":\"PropertyValueSpecification\",\"valueRequired\":true,\"valueName\":\"search_term_string\"}}],\"inLanguage\":\"de\"}]}<\/script>\n<!-- \/ Yoast SEO plugin. -->","yoast_head_json":{"title":"Krimi in a Box | Ein m\u00f6rderisches Outdoor-Abenteuer","description":"\u00abKrimi in a Box\u00bb ist ein kostenloses interaktives Krimi-Erlebnis in Kehrsatz bei Bern, welches mit dem Smartphone gespielt werden kann.","robots":{"index":"noindex","follow":"follow","max-snippet":"max-snippet:-1","max-image-preview":"max-image-preview:large","max-video-preview":"max-video-preview:-1"},"og_locale":"de_DE","og_type":"article","og_title":"Krimi in a Box | Ein m\u00f6rderisches Outdoor-Abenteuer","og_description":"\u00abKrimi in a Box\u00bb ist ein kostenloses interaktives Krimi-Erlebnis in Kehrsatz bei Bern, welches mit dem Smartphone gespielt werden kann.","og_url":"https:\/\/krimispass.ch\/krimiinabox\/","og_site_name":"Krimi in a Box","article_modified_time":"2023-02-06T06:33:05+00:00","og_image":[{"url":"https:\/\/krimispass.ch\/krimiinabox\/wp-content\/uploads\/2013\/12\/Krimi_in_a_Box_transparent-300x199.png","type":"","width":"","height":""}],"twitter_card":"summary_large_image","twitter_misc":{"Gesch\u00e4tzte Lesezeit":"3\u00a0Minuten"},"schema":{"@context":"https:\/\/schema.org","@graph":[{"@type":"WebPage","@id":"https:\/\/krimispass.ch\/krimiinabox\/","url":"https:\/\/krimispass.ch\/krimiinabox\/","name":"Krimi in a Box | Ein m\u00f6rderisches Outdoor-Abenteuer","isPartOf":{"@id":"https:\/\/krimispass.ch\/krimiinabox\/#website"},"primaryImageOfPage":{"@id":"https:\/\/krimispass.ch\/krimiinabox\/#primaryimage"},"image":{"@id":"https:\/\/krimispass.ch\/krimiinabox\/#primaryimage"},"thumbnailUrl":"https:\/\/krimispass.ch\/krimiinabox\/wp-content\/uploads\/2013\/12\/Krimi_in_a_Box_transparent-300x199.png","datePublished":"2013-12-13T08:20:13+00:00","dateModified":"2023-02-06T06:33:05+00:00","description":"\u00abKrimi in a Box\u00bb ist ein kostenloses interaktives Krimi-Erlebnis in Kehrsatz bei Bern, welches mit dem Smartphone gespielt werden kann.","breadcrumb":{"@id":"https:\/\/krimispass.ch\/krimiinabox\/#breadcrumb"},"inLanguage":"de","potentialAction":[{"@type":"ReadAction","target":["https:\/\/krimispass.ch\/krimiinabox\/"]}]},{"@type":"ImageObject","inLanguage":"de","@id":"https:\/\/krimispass.ch\/krimiinabox\/#primaryimage","url":"https:\/\/krimispass.ch\/krimiinabox\/wp-content\/uploads\/2013\/12\/Krimi_in_a_Box_transparent.png","contentUrl":"https:\/\/krimispass.ch\/krimiinabox\/wp-content\/uploads\/2013\/12\/Krimi_in_a_Box_transparent.png","width":1688,"height":1125},{"@type":"BreadcrumbList","@id":"https:\/\/krimispass.ch\/krimiinabox\/#breadcrumb","itemListElement":[{"@type":"ListItem","position":1,"name":"Startseite","item":"https:\/\/krimispass.ch\/krimiinabox\/"},{"@type":"ListItem","position":2,"name":"Impressum","item":"https:\/\/krimispass.ch\/krimiinabox\/?page_id=3599"},{"@type":"ListItem","position":3,"name":"Der Fall \u201cPaul S.\u201d"}]},{"@type":"WebSite","@id":"https:\/\/krimispass.ch\/krimiinabox\/#website","url":"https:\/\/krimispass.ch\/krimiinabox\/","name":"Krimi in a Box","description":"Ein m\u00f6rderisches Outdoor-Abenteuer","potentialAction":[{"@type":"SearchAction","target":{"@type":"EntryPoint","urlTemplate":"https:\/\/krimispass.ch\/krimiinabox\/?s={search_term_string}"},"query-input":{"@type":"PropertyValueSpecification","valueRequired":true,"valueName":"search_term_string"}}],"inLanguage":"de"}]}},"_links":{"self":[{"href":"https:\/\/krimispass.ch\/krimiinabox\/index.php?rest_route=\/wp\/v2\/pages\/25","targetHints":{"allow":["GET"]}}],"collection":[{"href":"https:\/\/krimispass.ch\/krimiinabox\/index.php?rest_route=\/wp\/v2\/pages"}],"about":[{"href":"https:\/\/krimispass.ch\/krimiinabox\/index.php?rest_route=\/wp\/v2\/types\/page"}],"author":[{"embeddable":true,"href":"https:\/\/krimispass.ch\/krimiinabox\/index.php?rest_route=\/wp\/v2\/users\/1"}],"replies":[{"embeddable":true,"href":"https:\/\/krimispass.ch\/krimiinabox\/index.php?rest_route=%2Fwp%2Fv2%2Fcomments&post=25"}],"version-history":[{"count":1,"href":"https:\/\/krimispass.ch\/krimiinabox\/index.php?rest_route=\/wp\/v2\/pages\/25\/revisions"}],"predecessor-version":[{"id":4373,"href":"https:\/\/krimispass.ch\/krimiinabox\/index.php?rest_route=\/wp\/v2\/pages\/25\/revisions\/4373"}],"up":[{"embeddable":true,"href":"https:\/\/krimispass.ch\/krimiinabox\/index.php?rest_route=\/wp\/v2\/pages\/3599"}],"wp:attachment":[{"href":"https:\/\/krimispass.ch\/krimiinabox\/index.php?rest_route=%2Fwp%2Fv2%2Fmedia&parent=25"}],"curies":[{"name":"wp","href":"https:\/\/api.w.org\/{rel}","templated":true}]}}