{"id":5,"date":"2015-10-24T18:25:11","date_gmt":"2015-10-24T18:25:11","guid":{"rendered":"https:\/\/krimispass.ch\/dasbuch\/?page_id=5"},"modified":"2024-05-18T22:07:06","modified_gmt":"2024-05-18T20:07:06","slug":"home","status":"publish","type":"page","link":"https:\/\/krimispass.ch\/dasbuch\/","title":{"rendered":"\u00abDAS BUCH\u00bb"},"content":{"rendered":"<p>Willkommen beim dritten interaktiven Outdoor-Abenteuer von <a href=\"https:\/\/krimispass.ch\" rel=\"noopener noreferrer\" target=\"_blank\">KrimiSpass.ch<\/a> aus dem Jahr 2016. Es nimmt Sie mit auf eine Schatzsuche. Auf dem Schlossberg von Thun und in der Altstadt werden Sie nach versteckten Hinweisen suchen, die Ihnen den Weg zu einer sagenumwobenen Reliquie weisen: Dem Heiligen Gral!<\/p>\n<p>Die Schatzsuche nehmen Sie zu Fuss in Angriff, planen Sie etwa eine Stunde ein. Und vergessen Sie Ihr Smartphone nicht, denn Sie werden \u00fcber eine Webseite Schritt f\u00fcr Schritt durch die Geschichte gef\u00fchrt.<\/p>\n<p>Lassen Sie sich entf\u00fchren in ein kniffliges Abenteuer voller R\u00e4tsel, Mythen und Geheimnisse. Ein Erlebnis f\u00fcr die ganze Familie wartet auf Sie.<\/p>\n<p>&nbsp;<br \/>\n<iframe loading=\"lazy\" width=\"99%\" height=\"360\" src=\"https:\/\/www.youtube.com\/embed\/poe-_RDkcRs?rel=0\" frameborder=\"0\" allowfullscreen><\/iframe><\/p>\n<p>&nbsp;<\/p>\n<h3>Spiel starten<\/h3>\n<p>Bitte f\u00fcllen Sie die folgenden Felder aus. Sie erhalten umgehend eine E-Mail mit einem Link, \u00fcber den Sie die Schatzsuche starten k\u00f6nnen.<\/p>\n\n<div class=\"wpcf7 no-js\" id=\"wpcf7-f867-o1\" lang=\"de-DE\" dir=\"ltr\" data-wpcf7-id=\"867\">\n<div class=\"screen-reader-response\"><p role=\"status\" aria-live=\"polite\" aria-atomic=\"true\"><\/p> <ul><\/ul><\/div>\n<form action=\"\/dasbuch\/index.php?rest_route=%2Fwp%2Fv2%2Fpages%2F5#wpcf7-f867-o1\" method=\"post\" class=\"wpcf7-form init\" aria-label=\"Kontaktformular\" novalidate=\"novalidate\" data-status=\"init\">\n<div style=\"display: none;\">\n<input type=\"hidden\" name=\"_wpcf7\" value=\"867\" \/>\n<input type=\"hidden\" name=\"_wpcf7_version\" value=\"6.0.4\" \/>\n<input type=\"hidden\" name=\"_wpcf7_locale\" value=\"de_DE\" \/>\n<input type=\"hidden\" name=\"_wpcf7_unit_tag\" value=\"wpcf7-f867-o1\" \/>\n<input type=\"hidden\" name=\"_wpcf7_container_post\" value=\"0\" \/>\n<input type=\"hidden\" name=\"_wpcf7_posted_data_hash\" value=\"\" \/>\n<\/div>\n<p>Name\n<\/p>\n<p><span class=\"wpcf7-form-control-wrap\" data-name=\"your-name\"><input size=\"40\" maxlength=\"400\" class=\"wpcf7-form-control wpcf7-text wpcf7-validates-as-required\" aria-required=\"true\" aria-invalid=\"false\" value=\"\" type=\"text\" name=\"your-name\" \/><\/span>\n<\/p>\n<p><span id=\"wpcf7-69e2f02d11d33-wrapper\" class=\"wpcf7-form-control-wrap your-vorname-wrap\" style=\"display:none !important; visibility:hidden !important;\"><label for=\"wpcf7-69e2f02d11d33-field\" class=\"hp-message\">Bitte lasse dieses Feld leer.<\/label><input id=\"wpcf7-69e2f02d11d33-field\"  class=\"wpcf7-form-control wpcf7-text\" type=\"text\" name=\"your-vorname\" value=\"\" size=\"40\" tabindex=\"-1\" autocomplete=\"new-password\" \/><\/span>\n<\/p>\n<p>Wohnort\n<\/p>\n<p><span class=\"wpcf7-form-control-wrap\" data-name=\"wohnort\"><input size=\"40\" maxlength=\"400\" class=\"wpcf7-form-control wpcf7-text wpcf7-validates-as-required\" aria-required=\"true\" aria-invalid=\"false\" value=\"\" type=\"text\" name=\"wohnort\" \/><\/span>\n<\/p>\n<p>E-Mail\n<\/p>\n<p><span class=\"wpcf7-form-control-wrap\" data-name=\"your-email\"><input size=\"40\" maxlength=\"400\" class=\"wpcf7-form-control wpcf7-email wpcf7-validates-as-required wpcf7-text wpcf7-validates-as-email\" aria-required=\"true\" aria-invalid=\"false\" value=\"\" type=\"email\" name=\"your-email\" \/><\/span>\n<\/p>\n<p>&nbsp;<br \/>\n<!-- Mailchimp for WordPress v4.10.1 - https:\/\/www.mc4wp.com\/ --><input type=\"hidden\" name=\"_mc4wp_subscribe_contact-form-7\" value=\"0\" \/><span class=\"mc4wp-checkbox mc4wp-checkbox-contact-form-7 \"><label><input type=\"checkbox\" name=\"_mc4wp_subscribe_contact-form-7\" value=\"1\" ><span>&nbsp;&nbsp;KrimiSpass-Newsletter abonnieren<\/span><\/label><\/span><!-- \/ Mailchimp for WordPress --><br \/>\n<span class=\"wpcf7-form-control-wrap\" data-name=\"zustimmung\"><span class=\"wpcf7-form-control wpcf7-acceptance\"><span class=\"wpcf7-list-item\"><input type=\"checkbox\" name=\"zustimmung\" value=\"1\" aria-invalid=\"false\" \/><\/span><\/span><\/span>&nbsp;&nbsp;<a href=\"https:\/\/krimispass.ch\/dasbuch\/?page_id=22\"\">Datenschutzbestimmungen<\/a> akzeptieren\n<\/p>\n<p>&nbsp;<br \/>\n<input class=\"wpcf7-form-control wpcf7-submit has-spinner\" type=\"submit\" value=\"Los gehts\" \/>\n<\/p>\n<div style=\"display: none !important\">\n\t<p><span class=\"wpcf7-form-control-wrap\" data-name=\"dasbuch\"><input size=\"40\" maxlength=\"400\" class=\"wpcf7-form-control wpcf7-text required\" aria-invalid=\"false\" value=\"Ja\" type=\"text\" name=\"dasbuch\" \/><\/span>\n\t<\/p>\n<\/div>\n<div style=\"display: none !important\">\n\t<p><span class=\"wpcf7-form-control-wrap\" data-name=\"mc4wp-nlks\"><input size=\"40\" maxlength=\"400\" class=\"wpcf7-form-control wpcf7-text required\" aria-invalid=\"false\" value=\"Ja\" type=\"text\" name=\"mc4wp-nlks\" \/><\/span>\n\t<\/p>\n<\/div><div class=\"wpcf7-response-output\" aria-hidden=\"true\"><\/div>\n<\/form>\n<\/div>\n\n<p>&nbsp;<\/p>\n<h3>Kostenlos<\/h3>\n<p>Die Teilnahme am Spiel ist kostenlos und mit keinen Verpflichtungen verbunden. Die Anmeldung dient zur statistischen Auswertung von Anzahl und Herkunft der Teilnehmenden. Ihre Daten werden nicht an Dritte weitergegeben.<\/p>\n<p><!--&nbsp;\n\n\n<h3>Feedbacks<\/h3>\n\n\nDie folgenden R\u00fcckmeldungen haben wir von verschiedenen Schatzsuchern erhalten, die \u00abDAS BUCH\u00bb bereits gespielt haben:\n\n<i>\"Es war ein cooles Erlebnis und hat riesigen Spass gemacht.\"\n\n\"Was f\u00fcr eine grandiose Szenerie bei Nacht, was f\u00fcr tolle Orte wir besucht haben, was f\u00fcr eine Spannung... es war einfach der Hammer!\"\n\n\"Sehr guter Parcours ums Thuner Schloss. Zum weiterempfehlen.\"\n\n\"Uns hat es grossen Spass gemacht der Sache auf den Grund zu gehen und den Gral zu finden.\"\n\n\"Wow, das war wirklich ein klasse interaktives Abenteuer, das in der Nacht irgendwie noch stimmungsvoller war! Herzlichen Dank f\u00fcr beste Ostersonntag-Nacht-Unterhaltung.\"\n\n\"Einfach der Hammer. Sehr genial gemacht mit viel Liebe zum Detail. Vielen Dank!\"<\/i>--><\/p>\n<p>&nbsp;<\/p>\n<h3>Artikel im 20 Minuten<\/h3>\n<p><a href=\"https:\/\/www.20min.ch\/schweiz\/bern\/story\/Indiana-Jones-spielen-auf-dem-Thuner-Schlossberg-15585774\" rel=\"attachment wp-att-3159 noopener noreferrer\" target=\"_blank\"><img loading=\"lazy\" decoding=\"async\" src=\"https:\/\/krimispass.ch\/dasbuch\/wp-content\/uploads\/2016\/04\/Printscreen_Artikel_20minuten.png\" alt=\"Artikel im 20 Minuten\" width=\"200\" height=\"284\" class=\"alignleft size-full wp-image-3159\" \/><\/a><br \/>\nDie Schweizer Pendlerzeitung <a href=\"https:\/\/www.20min.ch\" rel=\"noopener noreferrer\" target=\"_blank\">20 Minuten<\/a> berichtete im April 2016 \u00fcber \u00abDAS BUCH\u00bb.<\/p>\n<p><a href=\"https:\/\/www.20min.ch\/schweiz\/bern\/story\/Indiana-Jones-spielen-auf-dem-Thuner-Schlossberg-15585774\" rel=\"noopener noreferrer\" target=\"_blank\">Hier geht\u2019s zum Online-Artikel<\/a><br \/>\n<a href=\"https:\/\/krimispass.ch\/dasbuch\/wp-content\/uploads\/2016\/04\/Artikel_20minuten_04-16.pdf\" rel=\"noopener noreferrer\" target=\"_blank\">Artikel in der Printausgabe<\/a><\/p>\n<p>&nbsp;<br \/>\n<a href=\"https:\/\/krimispass.ch\/medien\" rel=\"noopener noreferrer\" target=\"_blank\">Weitere Medienbeitr\u00e4ge \u00fcber KrimiSpass.ch<\/a><\/p>\n","protected":false},"excerpt":{"rendered":"<p>Willkommen beim dritten interaktiven Outdoor-Abenteuer von KrimiSpass.ch aus dem Jahr 2016. Es nimmt Sie mit auf eine Schatzsuche. Auf dem Schlossberg von [&hellip;]<\/p>\n","protected":false},"author":5,"featured_media":1887,"parent":0,"menu_order":0,"comment_status":"closed","ping_status":"closed","template":"","meta":{"content-type":"","footnotes":""},"class_list":["post-5","page","type-page","status-publish","has-post-thumbnail","hentry"],"yoast_head":"<!-- This site is optimized with the Yoast SEO plugin v24.5 - https:\/\/yoast.com\/wordpress\/plugins\/seo\/ -->\n<title>DAS BUCH | Finde den Schatz der Tempelritter<\/title>\n<meta name=\"description\" content=\"\u00abDAS BUCH\u00bb ist ein kostenloses interaktives Outdoor-Abenteuer in Thun, welches mit dem Smartphone gespielt werden kann.\" \/>\n<meta name=\"robots\" content=\"noindex, follow, max-snippet:-1, max-image-preview:large, max-video-preview:-1\" \/>\n<meta property=\"og:locale\" content=\"de_DE\" \/>\n<meta property=\"og:type\" content=\"article\" \/>\n<meta property=\"og:title\" content=\"DAS BUCH | Finde den Schatz der Tempelritter\" \/>\n<meta property=\"og:description\" content=\"\u00abDAS BUCH\u00bb ist ein kostenloses interaktives Outdoor-Abenteuer in Thun, welches mit dem Smartphone gespielt werden kann.\" \/>\n<meta property=\"og:url\" content=\"https:\/\/krimispass.ch\/dasbuch\/\" \/>\n<meta property=\"og:site_name\" content=\"DAS BUCH\" \/>\n<meta property=\"article:modified_time\" content=\"2024-05-18T20:07:06+00:00\" \/>\n<meta property=\"og:image\" content=\"https:\/\/krimispass.ch\/dasbuch\/wp-content\/uploads\/2018\/12\/banner_dasbuch.jpg\" \/>\n\t<meta property=\"og:image:width\" content=\"1500\" \/>\n\t<meta property=\"og:image:height\" content=\"608\" \/>\n\t<meta property=\"og:image:type\" content=\"image\/jpeg\" \/>\n<meta name=\"twitter:card\" content=\"summary_large_image\" \/>\n<meta name=\"twitter:label1\" content=\"Gesch\u00e4tzte Lesezeit\" \/>\n\t<meta name=\"twitter:data1\" content=\"2\u00a0Minuten\" \/>\n<script type=\"application\/ld+json\" class=\"yoast-schema-graph\">{\"@context\":\"https:\/\/schema.org\",\"@graph\":[{\"@type\":\"WebPage\",\"@id\":\"https:\/\/krimispass.ch\/dasbuch\/\",\"url\":\"https:\/\/krimispass.ch\/dasbuch\/\",\"name\":\"DAS BUCH | Finde den Schatz der Tempelritter\",\"isPartOf\":{\"@id\":\"https:\/\/krimispass.ch\/dasbuch\/#website\"},\"primaryImageOfPage\":{\"@id\":\"https:\/\/krimispass.ch\/dasbuch\/#primaryimage\"},\"image\":{\"@id\":\"https:\/\/krimispass.ch\/dasbuch\/#primaryimage\"},\"thumbnailUrl\":\"https:\/\/krimispass.ch\/dasbuch\/wp-content\/uploads\/2018\/12\/banner_dasbuch.jpg\",\"datePublished\":\"2015-10-24T18:25:11+00:00\",\"dateModified\":\"2024-05-18T20:07:06+00:00\",\"description\":\"\u00abDAS BUCH\u00bb ist ein kostenloses interaktives Outdoor-Abenteuer in Thun, welches mit dem Smartphone gespielt werden kann.\",\"breadcrumb\":{\"@id\":\"https:\/\/krimispass.ch\/dasbuch\/#breadcrumb\"},\"inLanguage\":\"de\",\"potentialAction\":[{\"@type\":\"ReadAction\",\"target\":[\"https:\/\/krimispass.ch\/dasbuch\/\"]}]},{\"@type\":\"ImageObject\",\"inLanguage\":\"de\",\"@id\":\"https:\/\/krimispass.ch\/dasbuch\/#primaryimage\",\"url\":\"https:\/\/krimispass.ch\/dasbuch\/wp-content\/uploads\/2018\/12\/banner_dasbuch.jpg\",\"contentUrl\":\"https:\/\/krimispass.ch\/dasbuch\/wp-content\/uploads\/2018\/12\/banner_dasbuch.jpg\",\"width\":1500,\"height\":608,\"caption\":\"Banner\"},{\"@type\":\"BreadcrumbList\",\"@id\":\"https:\/\/krimispass.ch\/dasbuch\/#breadcrumb\",\"itemListElement\":[{\"@type\":\"ListItem\",\"position\":1,\"name\":\"Startseite\",\"item\":\"https:\/\/krimispass.ch\/dasbuch\/\"},{\"@type\":\"ListItem\",\"position\":2,\"name\":\"\u00abDAS BUCH\u00bb\"}]},{\"@type\":\"WebSite\",\"@id\":\"https:\/\/krimispass.ch\/dasbuch\/#website\",\"url\":\"https:\/\/krimispass.ch\/dasbuch\/\",\"name\":\"DAS BUCH\",\"description\":\"Irgendwo da draussen ist ein Schatz und nur \u00abDAS BUCH\u00bb kann dir den Weg weisen\",\"potentialAction\":[{\"@type\":\"SearchAction\",\"target\":{\"@type\":\"EntryPoint\",\"urlTemplate\":\"https:\/\/krimispass.ch\/dasbuch\/?s={search_term_string}\"},\"query-input\":{\"@type\":\"PropertyValueSpecification\",\"valueRequired\":true,\"valueName\":\"search_term_string\"}}],\"inLanguage\":\"de\"}]}<\/script>\n<!-- \/ Yoast SEO plugin. -->","yoast_head_json":{"title":"DAS BUCH | Finde den Schatz der Tempelritter","description":"\u00abDAS BUCH\u00bb ist ein kostenloses interaktives Outdoor-Abenteuer in Thun, welches mit dem Smartphone gespielt werden kann.","robots":{"index":"noindex","follow":"follow","max-snippet":"max-snippet:-1","max-image-preview":"max-image-preview:large","max-video-preview":"max-video-preview:-1"},"og_locale":"de_DE","og_type":"article","og_title":"DAS BUCH | Finde den Schatz der Tempelritter","og_description":"\u00abDAS BUCH\u00bb ist ein kostenloses interaktives Outdoor-Abenteuer in Thun, welches mit dem Smartphone gespielt werden kann.","og_url":"https:\/\/krimispass.ch\/dasbuch\/","og_site_name":"DAS BUCH","article_modified_time":"2024-05-18T20:07:06+00:00","og_image":[{"width":1500,"height":608,"url":"https:\/\/krimispass.ch\/dasbuch\/wp-content\/uploads\/2018\/12\/banner_dasbuch.jpg","type":"image\/jpeg"}],"twitter_card":"summary_large_image","twitter_misc":{"Gesch\u00e4tzte Lesezeit":"2\u00a0Minuten"},"schema":{"@context":"https:\/\/schema.org","@graph":[{"@type":"WebPage","@id":"https:\/\/krimispass.ch\/dasbuch\/","url":"https:\/\/krimispass.ch\/dasbuch\/","name":"DAS BUCH | Finde den Schatz der Tempelritter","isPartOf":{"@id":"https:\/\/krimispass.ch\/dasbuch\/#website"},"primaryImageOfPage":{"@id":"https:\/\/krimispass.ch\/dasbuch\/#primaryimage"},"image":{"@id":"https:\/\/krimispass.ch\/dasbuch\/#primaryimage"},"thumbnailUrl":"https:\/\/krimispass.ch\/dasbuch\/wp-content\/uploads\/2018\/12\/banner_dasbuch.jpg","datePublished":"2015-10-24T18:25:11+00:00","dateModified":"2024-05-18T20:07:06+00:00","description":"\u00abDAS BUCH\u00bb ist ein kostenloses interaktives Outdoor-Abenteuer in Thun, welches mit dem Smartphone gespielt werden kann.","breadcrumb":{"@id":"https:\/\/krimispass.ch\/dasbuch\/#breadcrumb"},"inLanguage":"de","potentialAction":[{"@type":"ReadAction","target":["https:\/\/krimispass.ch\/dasbuch\/"]}]},{"@type":"ImageObject","inLanguage":"de","@id":"https:\/\/krimispass.ch\/dasbuch\/#primaryimage","url":"https:\/\/krimispass.ch\/dasbuch\/wp-content\/uploads\/2018\/12\/banner_dasbuch.jpg","contentUrl":"https:\/\/krimispass.ch\/dasbuch\/wp-content\/uploads\/2018\/12\/banner_dasbuch.jpg","width":1500,"height":608,"caption":"Banner"},{"@type":"BreadcrumbList","@id":"https:\/\/krimispass.ch\/dasbuch\/#breadcrumb","itemListElement":[{"@type":"ListItem","position":1,"name":"Startseite","item":"https:\/\/krimispass.ch\/dasbuch\/"},{"@type":"ListItem","position":2,"name":"\u00abDAS BUCH\u00bb"}]},{"@type":"WebSite","@id":"https:\/\/krimispass.ch\/dasbuch\/#website","url":"https:\/\/krimispass.ch\/dasbuch\/","name":"DAS BUCH","description":"Irgendwo da draussen ist ein Schatz und nur \u00abDAS BUCH\u00bb kann dir den Weg weisen","potentialAction":[{"@type":"SearchAction","target":{"@type":"EntryPoint","urlTemplate":"https:\/\/krimispass.ch\/dasbuch\/?s={search_term_string}"},"query-input":{"@type":"PropertyValueSpecification","valueRequired":true,"valueName":"search_term_string"}}],"inLanguage":"de"}]}},"_links":{"self":[{"href":"https:\/\/krimispass.ch\/dasbuch\/index.php?rest_route=\/wp\/v2\/pages\/5","targetHints":{"allow":["GET"]}}],"collection":[{"href":"https:\/\/krimispass.ch\/dasbuch\/index.php?rest_route=\/wp\/v2\/pages"}],"about":[{"href":"https:\/\/krimispass.ch\/dasbuch\/index.php?rest_route=\/wp\/v2\/types\/page"}],"author":[{"embeddable":true,"href":"https:\/\/krimispass.ch\/dasbuch\/index.php?rest_route=\/wp\/v2\/users\/5"}],"replies":[{"embeddable":true,"href":"https:\/\/krimispass.ch\/dasbuch\/index.php?rest_route=%2Fwp%2Fv2%2Fcomments&post=5"}],"version-history":[{"count":5,"href":"https:\/\/krimispass.ch\/dasbuch\/index.php?rest_route=\/wp\/v2\/pages\/5\/revisions"}],"predecessor-version":[{"id":2525,"href":"https:\/\/krimispass.ch\/dasbuch\/index.php?rest_route=\/wp\/v2\/pages\/5\/revisions\/2525"}],"wp:featuredmedia":[{"embeddable":true,"href":"https:\/\/krimispass.ch\/dasbuch\/index.php?rest_route=\/wp\/v2\/media\/1887"}],"wp:attachment":[{"href":"https:\/\/krimispass.ch\/dasbuch\/index.php?rest_route=%2Fwp%2Fv2%2Fmedia&parent=5"}],"curies":[{"name":"wp","href":"https:\/\/api.w.org\/{rel}","templated":true}]}}